{"id":24188,"date":"2025-05-13T11:12:11","date_gmt":"2025-05-13T09:12:11","guid":{"rendered":"https:\/\/mediocudeyo.es\/web\/?page_id=24188"},"modified":"2025-06-03T09:49:01","modified_gmt":"2025-06-03T07:49:01","slug":"pstd","status":"publish","type":"page","link":"https:\/\/mediocudeyo.es\/web\/pstd\/","title":{"rendered":"PSTD"},"content":{"rendered":"\t\t<div data-elementor-type=\"wp-page\" data-elementor-id=\"24188\" class=\"elementor elementor-24188\">\n\t\t\t\t\t\t<section class=\"elementor-section elementor-top-section elementor-element elementor-element-d11bac9 elementor-section-boxed elementor-section-height-default elementor-section-height-default\" data-id=\"d11bac9\" data-element_type=\"section\">\n\t\t\t\t\t\t<div class=\"elementor-container elementor-column-gap-default\">\n\t\t\t\t\t<div class=\"elementor-column elementor-col-100 elementor-top-column elementor-element elementor-element-ac96612\" data-id=\"ac96612\" data-element_type=\"column\">\n\t\t\t<div class=\"elementor-widget-wrap elementor-element-populated\">\n\t\t\t\t\t\t<div class=\"elementor-element elementor-element-ad5d610 elementor-arrows-position-inside elementor-pagination-position-outside elementor-widget elementor-widget-image-carousel\" data-id=\"ad5d610\" data-element_type=\"widget\" data-settings=\"{&quot;slides_to_show&quot;:&quot;1&quot;,&quot;navigation&quot;:&quot;both&quot;,&quot;autoplay&quot;:&quot;yes&quot;,&quot;pause_on_hover&quot;:&quot;yes&quot;,&quot;pause_on_interaction&quot;:&quot;yes&quot;,&quot;autoplay_speed&quot;:5000,&quot;infinite&quot;:&quot;yes&quot;,&quot;effect&quot;:&quot;slide&quot;,&quot;speed&quot;:500}\" data-widget_type=\"image-carousel.default\">\n\t\t\t\t<div class=\"elementor-widget-container\">\n\t\t\t\t\t<div class=\"elementor-image-carousel-wrapper swiper\" dir=\"ltr\">\n\t\t\t<div class=\"elementor-image-carousel swiper-wrapper\" aria-live=\"off\">\n\t\t\t\t\t\t\t\t<div class=\"swiper-slide\" role=\"group\" aria-roledescription=\"slide\" aria-label=\"1 de 5\"><a href=\"https:\/\/mediocudeyo.es\/web\/wp-content\/uploads\/2025\/05\/PENACABARGA2-PSTD.png\" data-rel=\"lightbox-image-0\" data-rl_title=\"\" data-rl_caption=\"\" title=\"\"><figure class=\"swiper-slide-inner\"><img decoding=\"async\" class=\"swiper-slide-image\" src=\"https:\/\/mediocudeyo.es\/web\/wp-content\/uploads\/2025\/05\/PENACABARGA2-PSTD.png\" alt=\"\" \/><\/figure><\/a><\/div><div class=\"swiper-slide\" role=\"group\" aria-roledescription=\"slide\" aria-label=\"2 de 5\"><a href=\"https:\/\/mediocudeyo.es\/web\/wp-content\/uploads\/2025\/05\/Finca-PSTD-1.jpg\" data-rel=\"lightbox-image-1\" data-rl_title=\"\" data-rl_caption=\"\" title=\"\"><figure class=\"swiper-slide-inner\"><img decoding=\"async\" class=\"swiper-slide-image\" src=\"https:\/\/mediocudeyo.es\/web\/wp-content\/uploads\/2025\/05\/Finca-PSTD-1.jpg\" alt=\"\" \/><\/figure><\/a><\/div><div class=\"swiper-slide\" role=\"group\" aria-roledescription=\"slide\" aria-label=\"3 de 5\"><a href=\"https:\/\/mediocudeyo.es\/web\/wp-content\/uploads\/2025\/05\/FMV-Jardin-PSTD.jpg\" data-rel=\"lightbox-image-2\" data-rl_title=\"\" data-rl_caption=\"\" title=\"\"><figure class=\"swiper-slide-inner\"><img decoding=\"async\" class=\"swiper-slide-image\" src=\"https:\/\/mediocudeyo.es\/web\/wp-content\/uploads\/2025\/05\/FMV-Jardin-PSTD.jpg\" alt=\"\" \/><\/figure><\/a><\/div><div class=\"swiper-slide\" role=\"group\" aria-roledescription=\"slide\" aria-label=\"4 de 5\"><a href=\"https:\/\/mediocudeyo.es\/web\/wp-content\/uploads\/2025\/05\/Pena-Cabarga-PSTD.jpg\" data-rel=\"lightbox-image-3\" data-rl_title=\"\" data-rl_caption=\"\" title=\"\"><figure class=\"swiper-slide-inner\"><img decoding=\"async\" class=\"swiper-slide-image\" src=\"https:\/\/mediocudeyo.es\/web\/wp-content\/uploads\/2025\/05\/Pena-Cabarga-PSTD.jpg\" alt=\"\" \/><\/figure><\/a><\/div><div class=\"swiper-slide\" role=\"group\" aria-roledescription=\"slide\" aria-label=\"5 de 5\"><a href=\"https:\/\/mediocudeyo.es\/web\/wp-content\/uploads\/2025\/05\/Rio-Miera-PSTD.jpg\" data-rel=\"lightbox-image-4\" data-rl_title=\"\" data-rl_caption=\"\" title=\"\"><figure class=\"swiper-slide-inner\"><img decoding=\"async\" class=\"swiper-slide-image\" src=\"https:\/\/mediocudeyo.es\/web\/wp-content\/uploads\/2025\/05\/Rio-Miera-PSTD.jpg\" alt=\"\" \/><\/figure><\/a><\/div>\t\t\t<\/div>\n\t\t\t\t\t\t\t\t\t\t\t\t<div class=\"elementor-swiper-button elementor-swiper-button-prev\" role=\"button\" tabindex=\"0\">\n\t\t\t\t\t\t<i aria-hidden=\"true\" class=\"eicon-chevron-left\"><\/i>\t\t\t\t\t<\/div>\n\t\t\t\t\t<div class=\"elementor-swiper-button elementor-swiper-button-next\" role=\"button\" tabindex=\"0\">\n\t\t\t\t\t\t<i aria-hidden=\"true\" class=\"eicon-chevron-right\"><\/i>\t\t\t\t\t<\/div>\n\t\t\t\t\n\t\t\t\t\t\t\t\t\t<div class=\"swiper-pagination\"><\/div>\n\t\t\t\t\t\t\t\t\t<\/div>\n\t\t\t\t<\/div>\n\t\t\t\t<\/div>\n\t\t\t\t\t<\/div>\n\t\t<\/div>\n\t\t\t\t\t<\/div>\n\t\t<\/section>\n\t\t\t\t<section class=\"elementor-section elementor-top-section elementor-element elementor-element-651ac1d elementor-section-boxed elementor-section-height-default elementor-section-height-default\" data-id=\"651ac1d\" data-element_type=\"section\">\n\t\t\t\t\t\t<div class=\"elementor-container elementor-column-gap-default\">\n\t\t\t\t\t<div class=\"elementor-column elementor-col-100 elementor-top-column elementor-element elementor-element-f1072f7\" data-id=\"f1072f7\" data-element_type=\"column\">\n\t\t\t<div class=\"elementor-widget-wrap elementor-element-populated\">\n\t\t\t\t\t\t<div class=\"elementor-element elementor-element-8cc9ed7 elementor-widget elementor-widget-text-editor\" data-id=\"8cc9ed7\" data-element_type=\"widget\" data-widget_type=\"text-editor.default\">\n\t\t\t\t<div class=\"elementor-widget-container\">\n\t\t\t\t\t\t\t<p>Con fecha 27 de enero de 2023\u00a0 se acord\u00f3 en el seno de la Conferencia Sectorial de Turismo, el lanzamiento de la Convocatoria extraordinaria correspondiente al ejercicio 2023 del Programa Extraordinario de Sostenibilidad Tur\u00edstica en Destinos 2021-2023, en el contexto de la submedida 2 de la inversi\u00f3n 1 del Plan de Modernizaci\u00f3n y Competitividad del Sector Tur\u00edstico, componente 14 del Plan de Recuperaci\u00f3n, Transformaci\u00f3n y Resiliencia (en adelante, PRTR), convocatoria que permiti\u00f3 la presentaci\u00f3n de propuestas a entidades locales y comunidades aut\u00f3nomas, para luego proceder a la configuraci\u00f3n de\u00a0 Planes Territoriales, y as\u00ed configurar en cada territorio y destino una respuesta ante los retos de la sostenibilidad tur\u00edstica, en el ejercicio de sus competencias en materia de ordenaci\u00f3n del turismo y en los \u00e1mbitos de la transici\u00f3n verde, la transici\u00f3n digital, y la competitividad de los destinos.<\/p><p>De acuerdo con lo anterior, y mediante Resoluci\u00f3n de 22 de mayo de 2023 de la Secretaria de Estado de Turismo (por la que se publica el Acuerdo de la Conferencia Sectorial de Turismo de 9 de mayo de 2023, por el que se fijan los criterios de distribuci\u00f3n, as\u00ed como el reparto resultante para las comunidades aut\u00f3nomas, del cr\u00e9dito destinado a la financiaci\u00f3n de actuaciones de inversi\u00f3n por parte de entidades locales en el marco del Componente 14 Inversi\u00f3n 1 del Plan de Recuperaci\u00f3n, Transformaci\u00f3n y Resiliencia), se aprueba el Plan de Sostenibilidad Tur\u00edstica en Destinos para el Ayuntamiento de Medio Cudeyo, dentro del Plan Territorial de la Comunidad Aut\u00f3noma de Cantabria, correspondiendo a \u00e9ste la cuant\u00eda de 3.000.000 \u20ac.<\/p><p>Con fecha 16 de mayo de 2024, se publica en el Bolet\u00edn Oficial de Cantabria n\u00fam. 17, el Convenio entre la Consejer\u00eda de Cultura, Turismo y Deporte de la Comunidad Aut\u00f3noma de Cantabria y el Ayuntamiento de Medio Cudeyo, para la ejecuci\u00f3n del Plan de Sostenibilidad Tur\u00edstica en dicho municipio.<\/p><p>En el Anexo de actuaciones que al mismo se adjunta, se recogen todas aquellas en un principio integrantes del Plan, clasificadas en los 4 ejes contemplados por la Estrategia de STD aprobada la Conferencia Sectorial de Turismo, y relacionados con los objetivos del PRTR.<\/p>\t\t\t\t\t\t<\/div>\n\t\t\t\t<\/div>\n\t\t\t\t<div class=\"elementor-element elementor-element-31565b1 elementor-widget elementor-widget-toggle\" data-id=\"31565b1\" data-element_type=\"widget\" data-widget_type=\"toggle.default\">\n\t\t\t\t<div class=\"elementor-widget-container\">\n\t\t\t\t\t<div class=\"elementor-toggle\">\n\t\t\t\t\t\t\t<div class=\"elementor-toggle-item\">\n\t\t\t\t\t<div id=\"elementor-tab-title-5171\" class=\"elementor-tab-title\" data-tab=\"1\" role=\"button\" aria-controls=\"elementor-tab-content-5171\" aria-expanded=\"false\">\n\t\t\t\t\t\t\t\t\t\t\t\t<span class=\"elementor-toggle-icon elementor-toggle-icon-left\" aria-hidden=\"true\">\n\t\t\t\t\t\t\t\t\t\t\t\t\t\t\t<span class=\"elementor-toggle-icon-closed\"><i class=\"fas fa-caret-right\"><\/i><\/span>\n\t\t\t\t\t\t\t\t<span class=\"elementor-toggle-icon-opened\"><i class=\"elementor-toggle-icon-opened fas fa-caret-up\"><\/i><\/span>\n\t\t\t\t\t\t\t\t\t\t\t\t\t<\/span>\n\t\t\t\t\t\t\t\t\t\t\t\t<a class=\"elementor-toggle-title\" tabindex=\"0\">EJE 1 - Transici\u00f3n verde y sostenible<\/a>\n\t\t\t\t\t<\/div>\n\n\t\t\t\t\t<div id=\"elementor-tab-content-5171\" class=\"elementor-tab-content elementor-clearfix\" data-tab=\"1\" role=\"region\" aria-labelledby=\"elementor-tab-title-5171\"><ol style=\"padding-left: 45px;\">\n \t<li style=\"list-style-type: none;\">\n<ol>\n \t<li>Regeneraci\u00f3n de \u00e1reas de gradadas<\/li>\n \t<li>Reforestaci\u00f3n y protecci\u00f3n de bosques<\/li>\n \t<li>Rutas senderismo por Medio Cudeyo<\/li>\n \t<li>\u00c1rea de recepci\u00f3n e interpretaci\u00f3n de la sierra de Pe\u00f1a Cabarga<\/li>\n \t<li>Acondicionamiento y naturalizaci\u00f3n del aparcamiento existente de Pe\u00f1a<\/li>\n \t<li>\u00c1reas re creativas y medioambientales fluviales<\/li>\n \t<li>Solares Villa Termal. Adaptaci\u00f3n al cambio clim\u00e1tico<\/li>\n<\/ol>\n<\/li>\n<\/ol><\/div>\n\t\t\t\t<\/div>\n\t\t\t\t\t\t\t<div class=\"elementor-toggle-item\">\n\t\t\t\t\t<div id=\"elementor-tab-title-5172\" class=\"elementor-tab-title\" data-tab=\"2\" role=\"button\" aria-controls=\"elementor-tab-content-5172\" aria-expanded=\"false\">\n\t\t\t\t\t\t\t\t\t\t\t\t<span class=\"elementor-toggle-icon elementor-toggle-icon-left\" aria-hidden=\"true\">\n\t\t\t\t\t\t\t\t\t\t\t\t\t\t\t<span class=\"elementor-toggle-icon-closed\"><i class=\"fas fa-caret-right\"><\/i><\/span>\n\t\t\t\t\t\t\t\t<span class=\"elementor-toggle-icon-opened\"><i class=\"elementor-toggle-icon-opened fas fa-caret-up\"><\/i><\/span>\n\t\t\t\t\t\t\t\t\t\t\t\t\t<\/span>\n\t\t\t\t\t\t\t\t\t\t\t\t<a class=\"elementor-toggle-title\" tabindex=\"0\">EJE 2 - Mejora de la eficiencia energ\u00e9tica<\/a>\n\t\t\t\t\t<\/div>\n\n\t\t\t\t\t<div id=\"elementor-tab-content-5172\" class=\"elementor-tab-content elementor-clearfix\" data-tab=\"2\" role=\"region\" aria-labelledby=\"elementor-tab-title-5172\"><ol style=\"padding-left: 45px;\" start=\"8\"><li>Punto de recarga para coches el\u00e9ctricos<\/li><li>Punto de alquiler bicicletas el\u00e9ctricas<\/li><li>Desarrollo de la movilidad ciclista<\/li><li>Mejora de la eficiencia energ\u00e9tica en la iluminaci\u00f3n existente en la Finca del<br \/>Marqu\u00e9s de Valdecilla<\/li><li>Mejora de la iluminaci\u00f3n ornamental y de espacios exteriores en la Finca del Marqu\u00e9s de Valdecilla<\/li><li>Rehabilitaci\u00f3n energ\u00e9tica de la Casa de los Maestros<\/li><li>Solares Villa Termal. Mejora de espacios peatonales<\/li><li>Mejora de la conectividad peatonal entre Solares y Valdecilla<\/li><\/ol><\/div>\n\t\t\t\t<\/div>\n\t\t\t\t\t\t\t<div class=\"elementor-toggle-item\">\n\t\t\t\t\t<div id=\"elementor-tab-title-5173\" class=\"elementor-tab-title\" data-tab=\"3\" role=\"button\" aria-controls=\"elementor-tab-content-5173\" aria-expanded=\"false\">\n\t\t\t\t\t\t\t\t\t\t\t\t<span class=\"elementor-toggle-icon elementor-toggle-icon-left\" aria-hidden=\"true\">\n\t\t\t\t\t\t\t\t\t\t\t\t\t\t\t<span class=\"elementor-toggle-icon-closed\"><i class=\"fas fa-caret-right\"><\/i><\/span>\n\t\t\t\t\t\t\t\t<span class=\"elementor-toggle-icon-opened\"><i class=\"elementor-toggle-icon-opened fas fa-caret-up\"><\/i><\/span>\n\t\t\t\t\t\t\t\t\t\t\t\t\t<\/span>\n\t\t\t\t\t\t\t\t\t\t\t\t<a class=\"elementor-toggle-title\" tabindex=\"0\">EJE 3 - Transici\u00f3n digital<\/a>\n\t\t\t\t\t<\/div>\n\n\t\t\t\t\t<div id=\"elementor-tab-content-5173\" class=\"elementor-tab-content elementor-clearfix\" data-tab=\"3\" role=\"region\" aria-labelledby=\"elementor-tab-title-5173\"><ol style=\"padding-left: 45px;\" start=\"16\">\n \t<li>Plan de transici\u00f3n hacia un des tino tur\u00edstico inteligente<\/li>\n \t<li>Aplicaci\u00f3n de tecnolog\u00edas digitales para el aprovechamiento tur\u00edstico del patrimonio hist\u00f3rico<\/li>\n \t<li>Creaci\u00f3n de contenidos digitales para el ecosistema tur\u00edstico<\/li>\n \t<li>Gamificaci\u00f3n del parquetur\u00edstico Mina Pe pita<\/li>\n \t<li>Oficina de turismo inteligente<\/li>\n \t<li>Video mapping<\/li>\n \t<li>Storytelling<\/li>\n \t<li>Red de webcam de promoci\u00f3n tur\u00edstica<\/li>\n \t<li>Tecnolog\u00eda hologr\u00e1fica inmersiva<\/li>\n \t<li>Red Wifi municipal espacios tur\u00edsticos<\/li>\n<\/ol><\/div>\n\t\t\t\t<\/div>\n\t\t\t\t\t\t\t<div class=\"elementor-toggle-item\">\n\t\t\t\t\t<div id=\"elementor-tab-title-5174\" class=\"elementor-tab-title\" data-tab=\"4\" role=\"button\" aria-controls=\"elementor-tab-content-5174\" aria-expanded=\"false\">\n\t\t\t\t\t\t\t\t\t\t\t\t<span class=\"elementor-toggle-icon elementor-toggle-icon-left\" aria-hidden=\"true\">\n\t\t\t\t\t\t\t\t\t\t\t\t\t\t\t<span class=\"elementor-toggle-icon-closed\"><i class=\"fas fa-caret-right\"><\/i><\/span>\n\t\t\t\t\t\t\t\t<span class=\"elementor-toggle-icon-opened\"><i class=\"elementor-toggle-icon-opened fas fa-caret-up\"><\/i><\/span>\n\t\t\t\t\t\t\t\t\t\t\t\t\t<\/span>\n\t\t\t\t\t\t\t\t\t\t\t\t<a class=\"elementor-toggle-title\" tabindex=\"0\">EJE 4 - Competitividad<\/a>\n\t\t\t\t\t<\/div>\n\n\t\t\t\t\t<div id=\"elementor-tab-content-5174\" class=\"elementor-tab-content elementor-clearfix\" data-tab=\"4\" role=\"region\" aria-labelledby=\"elementor-tab-title-5174\"><ol start=\"26\" style=\"padding-left: 45px;\">\n \t<li>Medio Cudeyo Birding<\/li>\n \t<li>Turismo para todos. Mejora de la Accesibilidad<\/li>\n \t<li>Protecci\u00f3n y puesta en valor de los yacimientos arqueol\u00f3gicos<\/li>\n \t<li>Casa de los Maestros . Mejora de la habitabilidad<\/li>\n \t<li>Rehabilitaci\u00f3n patrimonio cultural. Edificio \u00abEl Garaje\u00bb<\/li>\n \t<li>Solares Villa Termal embellecimiento<\/li>\n \t<li>Deporte tradicional c\u00e1ntabro. Boleras<\/li>\n \t<li>Promoci\u00f3n y dinamizaci\u00f3n de fiestas populares<\/li>\n \t<li>Sector privado. Formaci\u00f3n a empresa en transici\u00f3n verde y digital<\/li>\n \t<li>Turismo con perspectiva de g\u00e9nero<\/li>\n \t<li>Desarrollo de marca y eslogan<\/li>\n \t<li>Se\u00f1alizaci\u00f3n de activos tur\u00edsticos<\/li>\n \t<li>Promoci\u00f3n tur\u00edstica de Medio Cudeyo<\/li>\n \t<li>Verificaci\u00f3n del cumplimiento del principio DNSH<\/li>\n \t<li>Seguimiento y evaluaci\u00f3n del plan<\/li>\n \t<li>Ente gestor<\/li>\n<\/ol><\/div>\n\t\t\t\t<\/div>\n\t\t\t\t\t\t\t\t<\/div>\n\t\t\t\t<\/div>\n\t\t\t\t<\/div>\n\t\t\t\t<div class=\"elementor-element elementor-element-b212665 elementor-icon-list--layout-traditional elementor-list-item-link-full_width elementor-widget elementor-widget-icon-list\" data-id=\"b212665\" data-element_type=\"widget\" data-widget_type=\"icon-list.default\">\n\t\t\t\t<div class=\"elementor-widget-container\">\n\t\t\t\t\t<ul class=\"elementor-icon-list-items\">\n\t\t\t\t\t\t\t<li class=\"elementor-icon-list-item\">\n\t\t\t\t\t\t\t\t\t\t\t<a href=\"https:\/\/mediocudeyo.es\/web\/wp-content\/uploads\/2025\/05\/ANEXO-ACTUACIONES-WEBPSTD-120525.pdf\" target=\"_blank\">\n\n\t\t\t\t\t\t\t\t\t\t\t\t<span class=\"elementor-icon-list-icon\">\n\t\t\t\t\t\t\t<i aria-hidden=\"true\" class=\"fas fa-file-pdf\"><\/i>\t\t\t\t\t\t<\/span>\n\t\t\t\t\t\t\t\t\t\t<span class=\"elementor-icon-list-text\">Anexo Actuaciones<\/span>\n\t\t\t\t\t\t\t\t\t\t\t<\/a>\n\t\t\t\t\t\t\t\t\t<\/li>\n\t\t\t\t\t\t<\/ul>\n\t\t\t\t<\/div>\n\t\t\t\t<\/div>\n\t\t\t\t<div class=\"elementor-element elementor-element-bccf9b5 elementor-widget elementor-widget-heading\" data-id=\"bccf9b5\" data-element_type=\"widget\" data-widget_type=\"heading.default\">\n\t\t\t\t<div class=\"elementor-widget-container\">\n\t\t\t<h2 class=\"elementor-heading-title elementor-size-default\">\u00daltimas actualizaciones<\/h2>\t\t<\/div>\n\t\t\t\t<\/div>\n\t\t\t\t<div class=\"elementor-element elementor-element-3eb706d elementor-icon-list--layout-traditional elementor-list-item-link-full_width elementor-widget elementor-widget-icon-list\" data-id=\"3eb706d\" data-element_type=\"widget\" data-widget_type=\"icon-list.default\">\n\t\t\t\t<div class=\"elementor-widget-container\">\n\t\t\t\t\t<ul class=\"elementor-icon-list-items\">\n\t\t\t\t\t\t\t<li class=\"elementor-icon-list-item\">\n\t\t\t\t\t\t\t\t\t\t\t<a href=\"https:\/\/contrataciondelestado.es\/wps\/poc?uri=deeplink%3Adetalle_licitacion&#038;idEvl=cvq9l%2FdIrXDL1rX3q%2FMAPA%3D%3D\" target=\"_blank\">\n\n\t\t\t\t\t\t\t\t\t\t\t\t<span class=\"elementor-icon-list-icon\">\n\t\t\t\t\t\t\t<i aria-hidden=\"true\" class=\"fas fa-external-link-alt\"><\/i>\t\t\t\t\t\t<\/span>\n\t\t\t\t\t\t\t\t\t\t<span class=\"elementor-icon-list-text\">Servicio Gerencia del Plan de Sostenibilidad Tur\u00edstica de Medio Cudeyo - N\u00ba Expediente: CON\/16\/2024 (@424\/2024)<\/span>\n\t\t\t\t\t\t\t\t\t\t\t<\/a>\n\t\t\t\t\t\t\t\t\t<\/li>\n\t\t\t\t\t\t<\/ul>\n\t\t\t\t<\/div>\n\t\t\t\t<\/div>\n\t\t\t\t\t<\/div>\n\t\t<\/div>\n\t\t\t\t\t<\/div>\n\t\t<\/section>\n\t\t\t\t<section class=\"elementor-section elementor-top-section elementor-element elementor-element-d6068ca elementor-section-boxed elementor-section-height-default elementor-section-height-default\" data-id=\"d6068ca\" data-element_type=\"section\">\n\t\t\t\t\t\t<div class=\"elementor-container elementor-column-gap-default\">\n\t\t\t\t\t<div class=\"elementor-column elementor-col-16 elementor-top-column elementor-element elementor-element-d840c8b\" data-id=\"d840c8b\" data-element_type=\"column\">\n\t\t\t<div class=\"elementor-widget-wrap elementor-element-populated\">\n\t\t\t\t\t\t<div class=\"elementor-element elementor-element-d1efbd8 elementor-widget elementor-widget-image\" data-id=\"d1efbd8\" data-element_type=\"widget\" data-widget_type=\"image.default\">\n\t\t\t\t<div class=\"elementor-widget-container\">\n\t\t\t\t\t\t\t\t\t\t\t\t\t\t<a href=\"https:\/\/next-generation-eu.europa.eu\/index_es\" target=\"_blank\">\n\t\t\t\t\t\t\t<img fetchpriority=\"high\" decoding=\"async\" width=\"1024\" height=\"331\" src=\"https:\/\/mediocudeyo.es\/web\/wp-content\/uploads\/2025\/06\/ES-Financiado-por-la-Union-Europea_POS.jpg\" class=\"attachment-large size-large wp-image-24437\" alt=\"\" srcset=\"https:\/\/mediocudeyo.es\/web\/wp-content\/uploads\/2025\/06\/ES-Financiado-por-la-Union-Europea_POS.jpg 1024w, https:\/\/mediocudeyo.es\/web\/wp-content\/uploads\/2025\/06\/ES-Financiado-por-la-Union-Europea_POS-300x97.jpg 300w, https:\/\/mediocudeyo.es\/web\/wp-content\/uploads\/2025\/06\/ES-Financiado-por-la-Union-Europea_POS-768x248.jpg 768w\" sizes=\"(max-width: 1024px) 100vw, 1024px\" \/>\t\t\t\t\t\t\t\t<\/a>\n\t\t\t\t\t\t\t\t\t\t\t\t\t<\/div>\n\t\t\t\t<\/div>\n\t\t\t\t\t<\/div>\n\t\t<\/div>\n\t\t\t\t<div class=\"elementor-column elementor-col-16 elementor-top-column elementor-element elementor-element-cdf7fc1\" data-id=\"cdf7fc1\" data-element_type=\"column\">\n\t\t\t<div class=\"elementor-widget-wrap elementor-element-populated\">\n\t\t\t\t\t\t<div class=\"elementor-element elementor-element-8340d75 elementor-widget elementor-widget-image\" data-id=\"8340d75\" data-element_type=\"widget\" data-widget_type=\"image.default\">\n\t\t\t\t<div class=\"elementor-widget-container\">\n\t\t\t\t\t\t\t\t\t\t\t\t\t\t<a href=\"https:\/\/www.mincotur.gob.es\/es-es\/Paginas\/Index.aspx\" target=\"_blank\">\n\t\t\t\t\t\t\t<img decoding=\"async\" width=\"1024\" height=\"331\" src=\"https:\/\/mediocudeyo.es\/web\/wp-content\/uploads\/2025\/06\/MIT.Gob_.png\" class=\"attachment-large size-large wp-image-24428\" alt=\"\" srcset=\"https:\/\/mediocudeyo.es\/web\/wp-content\/uploads\/2025\/06\/MIT.Gob_.png 1024w, https:\/\/mediocudeyo.es\/web\/wp-content\/uploads\/2025\/06\/MIT.Gob_-300x97.png 300w, https:\/\/mediocudeyo.es\/web\/wp-content\/uploads\/2025\/06\/MIT.Gob_-768x248.png 768w\" sizes=\"(max-width: 1024px) 100vw, 1024px\" \/>\t\t\t\t\t\t\t\t<\/a>\n\t\t\t\t\t\t\t\t\t\t\t\t\t<\/div>\n\t\t\t\t<\/div>\n\t\t\t\t\t<\/div>\n\t\t<\/div>\n\t\t\t\t<div class=\"elementor-column elementor-col-16 elementor-top-column elementor-element elementor-element-e376f0a\" data-id=\"e376f0a\" data-element_type=\"column\">\n\t\t\t<div class=\"elementor-widget-wrap elementor-element-populated\">\n\t\t\t\t\t\t<div class=\"elementor-element elementor-element-62542c9 elementor-widget__width-initial elementor-widget elementor-widget-image\" data-id=\"62542c9\" data-element_type=\"widget\" data-widget_type=\"image.default\">\n\t\t\t\t<div class=\"elementor-widget-container\">\n\t\t\t\t\t\t\t\t\t\t\t\t\t\t<a href=\"https:\/\/planderecuperacion.gob.es\/\" target=\"_blank\">\n\t\t\t\t\t\t\t<img decoding=\"async\" width=\"1024\" height=\"331\" src=\"https:\/\/mediocudeyo.es\/web\/wp-content\/uploads\/2025\/06\/Logo-PRTR-dos-lineas_COLOR.jpg\" class=\"attachment-large size-large wp-image-24432\" alt=\"\" srcset=\"https:\/\/mediocudeyo.es\/web\/wp-content\/uploads\/2025\/06\/Logo-PRTR-dos-lineas_COLOR.jpg 1024w, https:\/\/mediocudeyo.es\/web\/wp-content\/uploads\/2025\/06\/Logo-PRTR-dos-lineas_COLOR-300x97.jpg 300w, https:\/\/mediocudeyo.es\/web\/wp-content\/uploads\/2025\/06\/Logo-PRTR-dos-lineas_COLOR-768x248.jpg 768w\" sizes=\"(max-width: 1024px) 100vw, 1024px\" \/>\t\t\t\t\t\t\t\t<\/a>\n\t\t\t\t\t\t\t\t\t\t\t\t\t<\/div>\n\t\t\t\t<\/div>\n\t\t\t\t\t<\/div>\n\t\t<\/div>\n\t\t\t\t<div class=\"elementor-column elementor-col-16 elementor-top-column elementor-element elementor-element-2961935\" data-id=\"2961935\" data-element_type=\"column\">\n\t\t\t<div class=\"elementor-widget-wrap elementor-element-populated\">\n\t\t\t\t\t\t<div class=\"elementor-element elementor-element-15060f0 elementor-widget elementor-widget-image\" data-id=\"15060f0\" data-element_type=\"widget\" data-widget_type=\"image.default\">\n\t\t\t\t<div class=\"elementor-widget-container\">\n\t\t\t\t\t\t\t\t\t\t\t\t\t\t<a href=\"https:\/\/nextgeneration.cantabria.es\/\" target=\"_blank\">\n\t\t\t\t\t\t\t<img loading=\"lazy\" decoding=\"async\" width=\"274\" height=\"144\" src=\"https:\/\/mediocudeyo.es\/web\/wp-content\/uploads\/2025\/06\/4Banner-NEXTGEN.jpg\" class=\"attachment-travly-blog6-default size-travly-blog6-default wp-image-24438\" alt=\"\" \/>\t\t\t\t\t\t\t\t<\/a>\n\t\t\t\t\t\t\t\t\t\t\t\t\t<\/div>\n\t\t\t\t<\/div>\n\t\t\t\t\t<\/div>\n\t\t<\/div>\n\t\t\t\t<div class=\"elementor-column elementor-col-16 elementor-top-column elementor-element elementor-element-12cf49f\" data-id=\"12cf49f\" data-element_type=\"column\">\n\t\t\t<div class=\"elementor-widget-wrap elementor-element-populated\">\n\t\t\t\t\t\t<div class=\"elementor-element elementor-element-163900d elementor-widget__width-initial elementor-widget elementor-widget-image\" data-id=\"163900d\" data-element_type=\"widget\" data-widget_type=\"image.default\">\n\t\t\t\t<div class=\"elementor-widget-container\">\n\t\t\t\t\t\t\t\t\t\t\t\t\t\t<a href=\"https:\/\/www.cantabria.es\/\" target=\"_blank\">\n\t\t\t\t\t\t\t<img loading=\"lazy\" decoding=\"async\" width=\"500\" height=\"245\" src=\"https:\/\/mediocudeyo.es\/web\/wp-content\/uploads\/2025\/06\/R.jpg\" class=\"attachment-large size-large wp-image-24466\" alt=\"\" srcset=\"https:\/\/mediocudeyo.es\/web\/wp-content\/uploads\/2025\/06\/R.jpg 500w, https:\/\/mediocudeyo.es\/web\/wp-content\/uploads\/2025\/06\/R-300x147.jpg 300w\" sizes=\"(max-width: 500px) 100vw, 500px\" \/>\t\t\t\t\t\t\t\t<\/a>\n\t\t\t\t\t\t\t\t\t\t\t\t\t<\/div>\n\t\t\t\t<\/div>\n\t\t\t\t\t<\/div>\n\t\t<\/div>\n\t\t\t\t<div class=\"elementor-column elementor-col-16 elementor-top-column elementor-element elementor-element-8580b6a\" data-id=\"8580b6a\" data-element_type=\"column\">\n\t\t\t<div class=\"elementor-widget-wrap elementor-element-populated\">\n\t\t\t\t\t\t<div class=\"elementor-element elementor-element-20bf202 elementor-widget elementor-widget-image\" data-id=\"20bf202\" data-element_type=\"widget\" data-widget_type=\"image.default\">\n\t\t\t\t<div class=\"elementor-widget-container\">\n\t\t\t\t\t\t\t\t\t\t\t\t\t\t<a href=\"https:\/\/mediocudeyo.es\/web\/\" target=\"_blank\">\n\t\t\t\t\t\t\t<img loading=\"lazy\" decoding=\"async\" width=\"103\" height=\"91\" src=\"https:\/\/mediocudeyo.es\/web\/wp-content\/uploads\/2025\/06\/Imagen6.png\" class=\"attachment-large size-large wp-image-24455\" alt=\"\" \/>\t\t\t\t\t\t\t\t<\/a>\n\t\t\t\t\t\t\t\t\t\t\t\t\t<\/div>\n\t\t\t\t<\/div>\n\t\t\t\t\t<\/div>\n\t\t<\/div>\n\t\t\t\t\t<\/div>\n\t\t<\/section>\n\t\t\t\t<\/div>\n\t\t","protected":false},"excerpt":{"rendered":"<p>Con fecha 27 de enero de 2023\u00a0 se acord\u00f3 en el seno de la Conferencia Sectorial de Turismo, el lanzamiento de la Convocatoria extraordinaria correspondiente al ejercicio 2023 del Programa [&hellip;]<\/p>\n","protected":false},"author":15,"featured_media":0,"parent":0,"menu_order":0,"comment_status":"closed","ping_status":"closed","template":"","meta":{"footnotes":""},"class_list":["post-24188","page","type-page","status-publish","hentry"],"_links":{"self":[{"href":"https:\/\/mediocudeyo.es\/web\/wp-json\/wp\/v2\/pages\/24188"}],"collection":[{"href":"https:\/\/mediocudeyo.es\/web\/wp-json\/wp\/v2\/pages"}],"about":[{"href":"https:\/\/mediocudeyo.es\/web\/wp-json\/wp\/v2\/types\/page"}],"author":[{"embeddable":true,"href":"https:\/\/mediocudeyo.es\/web\/wp-json\/wp\/v2\/users\/15"}],"replies":[{"embeddable":true,"href":"https:\/\/mediocudeyo.es\/web\/wp-json\/wp\/v2\/comments?post=24188"}],"version-history":[{"count":112,"href":"https:\/\/mediocudeyo.es\/web\/wp-json\/wp\/v2\/pages\/24188\/revisions"}],"predecessor-version":[{"id":24472,"href":"https:\/\/mediocudeyo.es\/web\/wp-json\/wp\/v2\/pages\/24188\/revisions\/24472"}],"wp:attachment":[{"href":"https:\/\/mediocudeyo.es\/web\/wp-json\/wp\/v2\/media?parent=24188"}],"curies":[{"name":"wp","href":"https:\/\/api.w.org\/{rel}","templated":true}]}}