{"id":25597,"date":"2026-01-16T09:50:42","date_gmt":"2026-01-16T07:50:42","guid":{"rendered":"https:\/\/mediocudeyo.es\/web\/?post_type=tribe_events&#038;p=25597"},"modified":"2026-01-16T10:32:40","modified_gmt":"2026-01-16T08:32:40","slug":"encuentro-con-autora-1536-el-viaje-de-dos-almas-con-maria-noel-balla","status":"publish","type":"tribe_events","link":"https:\/\/mediocudeyo.es\/web\/evento\/encuentro-con-autora-1536-el-viaje-de-dos-almas-con-maria-noel-balla\/","title":{"rendered":"ENCUENTRO CON AUTORA: \u00ab1536. EL VIAJE DE DOS ALMAS\u00bb, CON MAR\u00cdA NOEL BALLA"},"content":{"rendered":"<p><strong>Mar\u00eda Noel Balla<\/strong> es profesora de Historia, escritora, traductora y promotora del Aprendizaje Servicio en Cantabria. Ha trabajado en escuelas secundarias, institutos de formaci\u00f3n docente y universidades, accediendo a sus cargos mediante concursos de antecedentes y oposici\u00f3n en Argentina.<\/p>\n<p>Como autora, public\u00f3 dos libros de cuentos infantiles: <em>Los sauces y la luna y otros cuentos<\/em> y <em>La solapa y los loros y otros cuentos<\/em>, ambos editados por <strong>Editorial La Hendija<\/strong>.<\/p>\n<p>Desde su compromiso con la educaci\u00f3n transformadora, impuls\u00f3 junto a colegas de la Escuela Scalabrini Ortiz dos Congresos Regionales de Aprendizaje Servicio (2013 y 2017), con la participaci\u00f3n destacada de <strong>Roser Batlle<\/strong> como oradora principal en uno de ellos.<\/p>\n<p>Tambi\u00e9n se ha dedicado a la traducci\u00f3n de textos espirituales y filos\u00f3ficos, incluyendo obras como la <em>Bhagavad-g\u012bt\u0101<\/em> comentada por <strong>Srila Visvanatha Cakravarti Thakur<\/strong>, y libros de autores contempor\u00e1neos como <strong>Howard Resnick<\/strong> y <strong>Bhanu Swami<\/strong>, publicados bajo el nombre <strong>Marisa devi dasi<\/strong>.<\/p>\n","protected":false},"excerpt":{"rendered":"<p>Mar\u00eda Noel Balla es profesora de Historia, escritora, traductora y promotora del Aprendizaje Servicio en Cantabria. Ha trabajado en escuelas secundarias, institutos de formaci\u00f3n docente y universidades, accediendo a sus [&hellip;]<\/p>\n","protected":false},"author":4,"featured_media":25599,"template":"","meta":{"_tribe_events_status":"","_tribe_events_status_reason":"","footnotes":""},"tags":[],"tribe_events_cat":[],"class_list":["post-25597","tribe_events","type-tribe_events","status-publish","has-post-thumbnail","hentry"],"_links":{"self":[{"href":"https:\/\/mediocudeyo.es\/web\/wp-json\/wp\/v2\/tribe_events\/25597"}],"collection":[{"href":"https:\/\/mediocudeyo.es\/web\/wp-json\/wp\/v2\/tribe_events"}],"about":[{"href":"https:\/\/mediocudeyo.es\/web\/wp-json\/wp\/v2\/types\/tribe_events"}],"author":[{"embeddable":true,"href":"https:\/\/mediocudeyo.es\/web\/wp-json\/wp\/v2\/users\/4"}],"version-history":[{"count":3,"href":"https:\/\/mediocudeyo.es\/web\/wp-json\/wp\/v2\/tribe_events\/25597\/revisions"}],"predecessor-version":[{"id":25608,"href":"https:\/\/mediocudeyo.es\/web\/wp-json\/wp\/v2\/tribe_events\/25597\/revisions\/25608"}],"wp:featuredmedia":[{"embeddable":true,"href":"https:\/\/mediocudeyo.es\/web\/wp-json\/wp\/v2\/media\/25599"}],"wp:attachment":[{"href":"https:\/\/mediocudeyo.es\/web\/wp-json\/wp\/v2\/media?parent=25597"}],"wp:term":[{"taxonomy":"post_tag","embeddable":true,"href":"https:\/\/mediocudeyo.es\/web\/wp-json\/wp\/v2\/tags?post=25597"},{"taxonomy":"tribe_events_cat","embeddable":true,"href":"https:\/\/mediocudeyo.es\/web\/wp-json\/wp\/v2\/tribe_events_cat?post=25597"}],"curies":[{"name":"wp","href":"https:\/\/api.w.org\/{rel}","templated":true}]}}

ENCUENTRO CON AUTORA: «1536. EL VIAJE DE DOS ALMAS», CON MARÍA NOEL BALLA

<p><strong>María Noel Balla</strong> es profesora de Historia, escritora, traductora y promotora del Aprendizaje Servicio en Cantabria. Ha trabajado en escuelas secundarias, institutos de formación docente y universidades, accediendo a sus cargos mediante concursos de antecedentes y oposición en Argentina.</p>
<p>Como autora, publicó dos libros de cuentos infantiles: <em>Los sauces y la luna y otros cuentos</em> y <em>La solapa y los loros y otros cuentos</em>, ambos editados por <strong>Editorial La Hendija</strong>.</p>
<p>Desde su compromiso con la educación transformadora, impulsó junto a colegas de la Escuela Scalabrini Ortiz dos Congresos Regionales de Aprendizaje Servicio (2013 y 2017), con la participación destacada de <strong>Roser Batlle</strong> como oradora principal en uno de ellos.</p>
<p>También se ha dedicado a la traducción de textos espirituales y filosóficos, incluyendo obras como la <em>Bhagavad-gītā</em> comentada por <strong>Srila Visvanatha Cakravarti Thakur</strong>, y libros de autores contemporáneos como <strong>Howard Resnick</strong> y <strong>Bhanu Swami</strong>, publicados bajo el nombre <strong>Marisa devi dasi</strong>.</p>

<p>María Noel Balla es profesora de Historia, escritora, traductora y promotora del Aprendizaje Servicio en Cantabria. Ha trabajado en escuelas secundarias, institutos de formación docente y universidades, accediendo a sus [&hellip;]</p>
