{"id":25694,"date":"2026-01-19T14:38:31","date_gmt":"2026-01-19T12:38:31","guid":{"rendered":"https:\/\/mediocudeyo.es\/web\/?post_type=tribe_events&#038;p=25694"},"modified":"2026-01-29T15:29:14","modified_gmt":"2026-01-29T13:29:14","slug":"exposicion-artistas-locales","status":"publish","type":"tribe_events","link":"https:\/\/mediocudeyo.es\/web\/evento\/exposicion-artistas-locales\/","title":{"rendered":"EXPOSICI\u00d3N ARTISTAS LOCALES"},"content":{"rendered":"<p><span class=\"x193iq5w xeuugli x13faqbe x1vvkbs x1xmvt09 x1lliihq x1s928wv xhkezso x1gmr53x x1cpjm7i x1fgarty x1943h6x xudqn12 x3x7a5m x6prxxf xvq8zen xo1l8bm xzsf02u\" dir=\"auto\">Exposici\u00f3n de Artistas Locales de Medio Cudeyo del 30 de enero al 28 de febrero en la Finca del Marqu\u00e9s de Valdecilla.<\/span><\/p>\n<p><span class=\"x193iq5w xeuugli x13faqbe x1vvkbs x1xmvt09 x1lliihq x1s928wv xhkezso x1gmr53x x1cpjm7i x1fgarty x1943h6x xudqn12 x3x7a5m x6prxxf xvq8zen xo1l8bm xzsf02u\" dir=\"auto\"><span class=\"html-span xexx8yu xyri2b x18d9i69 x1c1uobl x1hl2dhg x16tdsg8 x1vvkbs x3nfvp2 x1j61x8r x1fcty0u xdj266r xat24cr xm2jcoa x1mpyi22 xxymvpz xlup9mm x1kky2od\"><img decoding=\"async\" class=\"xz74otr x15mokao x1ga7v0g x16uus16 xbiv7yw\" src=\"https:\/\/static.xx.fbcdn.net\/images\/emoji.php\/v9\/ta8\/1\/16\/1f550.png\" alt=\"\ud83d\udd50\" width=\"16\" height=\"16\" \/><\/span> Horario: de mi\u00e9rcoles a domingo de 10:30 a 13:0h y de 16:30 a 19:20h.<\/span><\/p>\n<p>Inauguraci\u00f3n: viernes 30 de enero a las 18:00h.<\/p>\n","protected":false},"excerpt":{"rendered":"<p>Exposici\u00f3n de Artistas Locales de Medio Cudeyo del 30 de enero al 28 de febrero en la Finca del Marqu\u00e9s de Valdecilla. Horario: de mi\u00e9rcoles a domingo de 10:30 a [&hellip;]<\/p>\n","protected":false},"author":4,"featured_media":25695,"template":"","meta":{"_tribe_events_status":"","_tribe_events_status_reason":"","footnotes":""},"tags":[326,104,87,96],"tribe_events_cat":[],"class_list":["post-25694","tribe_events","type-tribe_events","status-publish","has-post-thumbnail","hentry","tag-artistas-locales","tag-centro-cultural","tag-exposicion","tag-finca-marques-de-valdecilla"],"_links":{"self":[{"href":"https:\/\/mediocudeyo.es\/web\/wp-json\/wp\/v2\/tribe_events\/25694"}],"collection":[{"href":"https:\/\/mediocudeyo.es\/web\/wp-json\/wp\/v2\/tribe_events"}],"about":[{"href":"https:\/\/mediocudeyo.es\/web\/wp-json\/wp\/v2\/types\/tribe_events"}],"author":[{"embeddable":true,"href":"https:\/\/mediocudeyo.es\/web\/wp-json\/wp\/v2\/users\/4"}],"version-history":[{"count":2,"href":"https:\/\/mediocudeyo.es\/web\/wp-json\/wp\/v2\/tribe_events\/25694\/revisions"}],"predecessor-version":[{"id":25887,"href":"https:\/\/mediocudeyo.es\/web\/wp-json\/wp\/v2\/tribe_events\/25694\/revisions\/25887"}],"wp:featuredmedia":[{"embeddable":true,"href":"https:\/\/mediocudeyo.es\/web\/wp-json\/wp\/v2\/media\/25695"}],"wp:attachment":[{"href":"https:\/\/mediocudeyo.es\/web\/wp-json\/wp\/v2\/media?parent=25694"}],"wp:term":[{"taxonomy":"post_tag","embeddable":true,"href":"https:\/\/mediocudeyo.es\/web\/wp-json\/wp\/v2\/tags?post=25694"},{"taxonomy":"tribe_events_cat","embeddable":true,"href":"https:\/\/mediocudeyo.es\/web\/wp-json\/wp\/v2\/tribe_events_cat?post=25694"}],"curies":[{"name":"wp","href":"https:\/\/api.w.org\/{rel}","templated":true}]}}

EXPOSICIÓN ARTISTAS LOCALES

<p><span class="x193iq5w xeuugli x13faqbe x1vvkbs x1xmvt09 x1lliihq x1s928wv xhkezso x1gmr53x x1cpjm7i x1fgarty x1943h6x xudqn12 x3x7a5m x6prxxf xvq8zen xo1l8bm xzsf02u" dir="auto">Exposición de Artistas Locales de Medio Cudeyo del 30 de enero al 28 de febrero en la Finca del Marqués de Valdecilla.</span></p>
<p><span class="x193iq5w xeuugli x13faqbe x1vvkbs x1xmvt09 x1lliihq x1s928wv xhkezso x1gmr53x x1cpjm7i x1fgarty x1943h6x xudqn12 x3x7a5m x6prxxf xvq8zen xo1l8bm xzsf02u" dir="auto"><span class="html-span xexx8yu xyri2b x18d9i69 x1c1uobl x1hl2dhg x16tdsg8 x1vvkbs x3nfvp2 x1j61x8r x1fcty0u xdj266r xat24cr xm2jcoa x1mpyi22 xxymvpz xlup9mm x1kky2od"><img decoding="async" class="xz74otr x15mokao x1ga7v0g x16uus16 xbiv7yw" src="https://static.xx.fbcdn.net/images/emoji.php/v9/ta8/1/16/1f550.png" alt="🕐" width="16" height="16" /></span> Horario: de miércoles a domingo de 10:30 a 13:0h y de 16:30 a 19:20h.</span></p>
<p>Inauguración: viernes 30 de enero a las 18:00h.</p>

<p>Exposición de Artistas Locales de Medio Cudeyo del 30 de enero al 28 de febrero en la Finca del Marqués de Valdecilla. Horario: de miércoles a domingo de 10:30 a [&hellip;]</p>
