{"id":25706,"date":"2026-01-19T19:51:19","date_gmt":"2026-01-19T17:51:19","guid":{"rendered":"https:\/\/mediocudeyo.es\/web\/?post_type=tribe_events&#038;p=25706"},"modified":"2026-02-10T10:12:24","modified_gmt":"2026-02-10T08:12:24","slug":"filmoteca-cineastas-cantabras","status":"publish","type":"tribe_events","link":"https:\/\/mediocudeyo.es\/web\/evento\/filmoteca-cineastas-cantabras\/","title":{"rendered":"FILMOTECA: \u00abCINEASTAS C\u00c1NTABRAS\u00bb"},"content":{"rendered":"<div dir=\"auto\"><span class=\"html-span xexx8yu x4uap5 x18d9i69 xkhd6sd x1hl2dhg x16tdsg8 x1vvkbs x3nfvp2 x1j61x8r x1fcty0u xdj266r xat24cr xgzva0m xhhsvwb xxymvpz xlup9mm x1kky2od\"><img decoding=\"async\" class=\"xz74otr\" src=\"https:\/\/static.xx.fbcdn.net\/images\/emoji.php\/v9\/tff\/1\/16\/1f3a5.png\" alt=\"\ud83c\udfa5\" width=\"16\" height=\"16\" \/><\/span><span class=\"html-span xexx8yu x4uap5 x18d9i69 xkhd6sd x1hl2dhg x16tdsg8 x1vvkbs x3nfvp2 x1j61x8r x1fcty0u xdj266r xat24cr xgzva0m xhhsvwb xxymvpz xlup9mm x1kky2od\"><img decoding=\"async\" class=\"xz74otr\" src=\"https:\/\/static.xx.fbcdn.net\/images\/emoji.php\/v9\/tf4\/1\/16\/2728.png\" alt=\"\u2728\" width=\"16\" height=\"16\" \/><\/span> <strong>Filmoteca Regional de Cantabria<\/strong> <span class=\"html-span xexx8yu x4uap5 x18d9i69 xkhd6sd x1hl2dhg x16tdsg8 x1vvkbs x3nfvp2 x1j61x8r x1fcty0u xdj266r xat24cr xgzva0m xhhsvwb xxymvpz xlup9mm x1kky2od\"><img decoding=\"async\" class=\"xz74otr\" src=\"https:\/\/static.xx.fbcdn.net\/images\/emoji.php\/v9\/tf4\/1\/16\/2728.png\" alt=\"\u2728\" width=\"16\" height=\"16\" \/><\/span><span class=\"html-span xexx8yu x4uap5 x18d9i69 xkhd6sd x1hl2dhg x16tdsg8 x1vvkbs x3nfvp2 x1j61x8r x1fcty0u xdj266r xat24cr xgzva0m xhhsvwb xxymvpz xlup9mm x1kky2od\"><img decoding=\"async\" class=\"xz74otr\" src=\"https:\/\/static.xx.fbcdn.net\/images\/emoji.php\/v9\/tff\/1\/16\/1f3a5.png\" alt=\"\ud83c\udfa5\" width=\"16\" height=\"16\" \/><\/span><\/div>\n<div dir=\"auto\"><strong>CICLO Sesi\u00f3n especial<\/strong><\/div>\n<div dir=\"auto\">\n<div dir=\"auto\">\n<div dir=\"auto\">\n<div dir=\"auto\">\n<div dir=\"auto\">\n<div dir=\"auto\">\n<div dir=\"auto\">\n<div class=\"\" data-block=\"true\" data-editor=\"dpi6d\" data-offset-key=\"euplh-0-0\">\n<div class=\"_1mf _1mj\" data-offset-key=\"euplh-0-0\">\n<div class=\"xdj266r x11i5rnm xat24cr x1mh8g0r x1vvkbs x126k92a\">\n<div dir=\"auto\">\n<div data-block=\"true\" data-editor=\"dpi6d\" data-offset-key=\"3m6up-0-0\"><strong>CINEASTAS C\u00c1NTABRAS<\/strong><\/div>\n<\/div>\n<div dir=\"auto\">\n<div data-block=\"true\" data-editor=\"dpi6d\" data-offset-key=\"3m6up-0-0\">Sesi\u00f3n especial por el D\u00eda Internacional de la Mujer (8 de marzo) con la proyecci\u00f3n de tres mediometrajes realizados por cineastas de Cantabria:<\/div>\n<div data-block=\"true\" data-editor=\"dpi6d\" data-offset-key=\"3m6up-0-0\">\u00abMUJERES DE LA MAR\u00bb, de Marta Solano<\/div>\n<div data-block=\"true\" data-editor=\"dpi6d\" data-offset-key=\"3m6up-0-0\">\u00abEL D\u00cdA SIN MUSAS\u00bb, de Luc\u00eda Venero<\/div>\n<div data-block=\"true\" data-editor=\"dpi6d\" data-offset-key=\"3m6up-0-0\">\u00abNANA\u00bb, de Sara Fortuna<\/div>\n<div data-block=\"true\" data-editor=\"dpi6d\" data-offset-key=\"3m6up-0-0\"><\/div>\n<\/div>\n<\/div>\n<div class=\"x11i5rnm xat24cr x1mh8g0r x1vvkbs xtlvy1s x126k92a\">\n<div dir=\"auto\"><span class=\"x3nfvp2 x1j61x8r x1fcty0u xdj266r xhhsvwb xat24cr xgzva0m xxymvpz xlup9mm x1kky2od\"><img decoding=\"async\" class=\"xz74otr\" src=\"https:\/\/static.xx.fbcdn.net\/images\/emoji.php\/v9\/t7e\/1\/16\/1f4c5.png\" alt=\"\ud83d\udcc5\" width=\"16\" height=\"16\" \/><\/span> Domingo 8 de marzo <span class=\"x3nfvp2 x1j61x8r x1fcty0u xdj266r xhhsvwb xat24cr xgzva0m xxymvpz xlup9mm x1kky2od\"><img loading=\"lazy\" decoding=\"async\" class=\"xz74otr\" src=\"https:\/\/static.xx.fbcdn.net\/images\/emoji.php\/v9\/t34\/1\/16\/23f0.png\" alt=\"\u23f0\" width=\"16\" height=\"16\" \/><\/span> 19:30 h.<\/div>\n<\/div>\n<div class=\"x11i5rnm xat24cr x1mh8g0r x1vvkbs xtlvy1s x126k92a\">\n<div dir=\"auto\"><span class=\"x3nfvp2 x1j61x8r x1fcty0u xdj266r xhhsvwb xat24cr xgzva0m xxymvpz xlup9mm x1kky2od\"><img loading=\"lazy\" decoding=\"async\" class=\"xz74otr\" src=\"https:\/\/static.xx.fbcdn.net\/images\/emoji.php\/v9\/tdf\/1\/16\/1f4b5.png\" alt=\"\ud83d\udcb5\" width=\"16\" height=\"16\" \/><\/span> Entrada: 1,5\u20ac \u2013 venta directa en taquilla desde media hora antes.<\/div>\n<div dir=\"auto\"><span class=\"html-span xexx8yu x4uap5 x18d9i69 xkhd6sd x1hl2dhg x16tdsg8 x1vvkbs x3nfvp2 x1j61x8r x1fcty0u xdj266r xat24cr xgzva0m xhhsvwb xxymvpz xlup9mm x1kky2od\"><img loading=\"lazy\" decoding=\"async\" class=\"xz74otr\" src=\"https:\/\/static.xx.fbcdn.net\/images\/emoji.php\/v9\/t2d\/1\/16\/1f4cd.png\" alt=\"\ud83d\udccd\" width=\"16\" height=\"16\" \/><\/span> D\u00f3nde: Centro Cultural<\/div>\n<div dir=\"auto\"><span class=\"html-span xexx8yu x4uap5 x18d9i69 xkhd6sd x1hl2dhg x16tdsg8 x1vvkbs x3nfvp2 x1j61x8r x1fcty0u xdj266r xat24cr xgzva0m xhhsvwb xxymvpz xlup9mm x1kky2od\"><img loading=\"lazy\" decoding=\"async\" class=\"xz74otr\" src=\"https:\/\/static.xx.fbcdn.net\/images\/emoji.php\/v9\/t8e\/1\/16\/2139.png\" alt=\"\u2139\ufe0f\" width=\"16\" height=\"16\" \/><\/span> M\u00e1s informaci\u00f3n:<\/div>\n<\/div>\n<div dir=\"auto\">\n<div dir=\"auto\"><span class=\"html-span xexx8yu x4uap5 x18d9i69 xkhd6sd x1hl2dhg x16tdsg8 x1vvkbs x3nfvp2 x1j61x8r x1fcty0u xdj266r xat24cr xgzva0m xhhsvwb xxymvpz xlup9mm x1kky2od\"><img loading=\"lazy\" decoding=\"async\" class=\"xz74otr\" src=\"https:\/\/static.xx.fbcdn.net\/images\/emoji.php\/v9\/te5\/1\/16\/1f492.png\" alt=\"\ud83d\udc92\" width=\"16\" height=\"16\" \/><\/span> Centro Cultural Ram\u00f3n Pelayo (Solares)<\/div>\n<div dir=\"auto\"><span class=\"html-span xexx8yu x4uap5 x18d9i69 xkhd6sd x1hl2dhg x16tdsg8 x1vvkbs x3nfvp2 x1j61x8r x1fcty0u xdj266r xat24cr xgzva0m xhhsvwb xxymvpz xlup9mm x1kky2od\"><img loading=\"lazy\" decoding=\"async\" class=\"xz74otr\" src=\"https:\/\/static.xx.fbcdn.net\/images\/emoji.php\/v9\/t22\/1\/16\/260e.png\" alt=\"\u260e\" width=\"16\" height=\"16\" \/><\/span> 942 52 26 85 (\u00f3 WhatsApp al mismo n\u00famero)<\/div>\n<div dir=\"auto\"><span class=\"html-span xexx8yu x4uap5 x18d9i69 xkhd6sd x1hl2dhg x16tdsg8 x1vvkbs x3nfvp2 x1j61x8r x1fcty0u xdj266r xat24cr xgzva0m xhhsvwb xxymvpz xlup9mm x1kky2od\"><img loading=\"lazy\" decoding=\"async\" class=\"xz74otr\" src=\"https:\/\/static.xx.fbcdn.net\/images\/emoji.php\/v9\/tbe\/1\/16\/1f4e7.png\" alt=\"\ud83d\udce7\" width=\"16\" height=\"16\" \/><\/span> centrocultural@mediocudeyo.es<\/div>\n<\/div>\n<\/div>\n<\/div>\n<\/div>\n<\/div>\n<\/div>\n<\/div>\n<\/div>\n<\/div>\n<\/div>\n","protected":false},"excerpt":{"rendered":"<p>Filmoteca Regional de Cantabria CICLO Sesi\u00f3n especial CINEASTAS C\u00c1NTABRAS Sesi\u00f3n especial por el D\u00eda Internacional de la Mujer (8 de marzo) con la proyecci\u00f3n de tres mediometrajes realizados por cineastas [&hellip;]<\/p>\n","protected":false},"author":4,"featured_media":25707,"template":"","meta":{"_tribe_events_status":"","_tribe_events_status_reason":"","footnotes":""},"tags":[],"tribe_events_cat":[],"class_list":["post-25706","tribe_events","type-tribe_events","status-publish","has-post-thumbnail","hentry"],"_links":{"self":[{"href":"https:\/\/mediocudeyo.es\/web\/wp-json\/wp\/v2\/tribe_events\/25706"}],"collection":[{"href":"https:\/\/mediocudeyo.es\/web\/wp-json\/wp\/v2\/tribe_events"}],"about":[{"href":"https:\/\/mediocudeyo.es\/web\/wp-json\/wp\/v2\/types\/tribe_events"}],"author":[{"embeddable":true,"href":"https:\/\/mediocudeyo.es\/web\/wp-json\/wp\/v2\/users\/4"}],"version-history":[{"count":2,"href":"https:\/\/mediocudeyo.es\/web\/wp-json\/wp\/v2\/tribe_events\/25706\/revisions"}],"predecessor-version":[{"id":25940,"href":"https:\/\/mediocudeyo.es\/web\/wp-json\/wp\/v2\/tribe_events\/25706\/revisions\/25940"}],"wp:featuredmedia":[{"embeddable":true,"href":"https:\/\/mediocudeyo.es\/web\/wp-json\/wp\/v2\/media\/25707"}],"wp:attachment":[{"href":"https:\/\/mediocudeyo.es\/web\/wp-json\/wp\/v2\/media?parent=25706"}],"wp:term":[{"taxonomy":"post_tag","embeddable":true,"href":"https:\/\/mediocudeyo.es\/web\/wp-json\/wp\/v2\/tags?post=25706"},{"taxonomy":"tribe_events_cat","embeddable":true,"href":"https:\/\/mediocudeyo.es\/web\/wp-json\/wp\/v2\/tribe_events_cat?post=25706"}],"curies":[{"name":"wp","href":"https:\/\/api.w.org\/{rel}","templated":true}]}}

FILMOTECA: «CINEASTAS CÁNTABRAS»

<div dir="auto"><span class="html-span xexx8yu x4uap5 x18d9i69 xkhd6sd x1hl2dhg x16tdsg8 x1vvkbs x3nfvp2 x1j61x8r x1fcty0u xdj266r xat24cr xgzva0m xhhsvwb xxymvpz xlup9mm x1kky2od"><img decoding="async" class="xz74otr" src="https://static.xx.fbcdn.net/images/emoji.php/v9/tff/1/16/1f3a5.png" alt="🎥" width="16" height="16" /></span><span class="html-span xexx8yu x4uap5 x18d9i69 xkhd6sd x1hl2dhg x16tdsg8 x1vvkbs x3nfvp2 x1j61x8r x1fcty0u xdj266r xat24cr xgzva0m xhhsvwb xxymvpz xlup9mm x1kky2od"><img decoding="async" class="xz74otr" src="https://static.xx.fbcdn.net/images/emoji.php/v9/tf4/1/16/2728.png" alt="✨" width="16" height="16" /></span> <strong>Filmoteca Regional de Cantabria</strong> <span class="html-span xexx8yu x4uap5 x18d9i69 xkhd6sd x1hl2dhg x16tdsg8 x1vvkbs x3nfvp2 x1j61x8r x1fcty0u xdj266r xat24cr xgzva0m xhhsvwb xxymvpz xlup9mm x1kky2od"><img decoding="async" class="xz74otr" src="https://static.xx.fbcdn.net/images/emoji.php/v9/tf4/1/16/2728.png" alt="✨" width="16" height="16" /></span><span class="html-span xexx8yu x4uap5 x18d9i69 xkhd6sd x1hl2dhg x16tdsg8 x1vvkbs x3nfvp2 x1j61x8r x1fcty0u xdj266r xat24cr xgzva0m xhhsvwb xxymvpz xlup9mm x1kky2od"><img decoding="async" class="xz74otr" src="https://static.xx.fbcdn.net/images/emoji.php/v9/tff/1/16/1f3a5.png" alt="🎥" width="16" height="16" /></span></div>
<div dir="auto"><strong>CICLO Sesión especial</strong></div>
<div dir="auto">
<div dir="auto">
<div dir="auto">
<div dir="auto">
<div dir="auto">
<div dir="auto">
<div dir="auto">
<div class="" data-block="true" data-editor="dpi6d" data-offset-key="euplh-0-0">
<div class="_1mf _1mj" data-offset-key="euplh-0-0">
<div class="xdj266r x11i5rnm xat24cr x1mh8g0r x1vvkbs x126k92a">
<div dir="auto">
<div data-block="true" data-editor="dpi6d" data-offset-key="3m6up-0-0"><strong>CINEASTAS CÁNTABRAS</strong></div>
</div>
<div dir="auto">
<div data-block="true" data-editor="dpi6d" data-offset-key="3m6up-0-0">Sesión especial por el Día Internacional de la Mujer (8 de marzo) con la proyección de tres mediometrajes realizados por cineastas de Cantabria:</div>
<div data-block="true" data-editor="dpi6d" data-offset-key="3m6up-0-0">«MUJERES DE LA MAR», de Marta Solano</div>
<div data-block="true" data-editor="dpi6d" data-offset-key="3m6up-0-0">«EL DÍA SIN MUSAS», de Lucía Venero</div>
<div data-block="true" data-editor="dpi6d" data-offset-key="3m6up-0-0">«NANA», de Sara Fortuna</div>
<div data-block="true" data-editor="dpi6d" data-offset-key="3m6up-0-0"></div>
</div>
</div>
<div class="x11i5rnm xat24cr x1mh8g0r x1vvkbs xtlvy1s x126k92a">
<div dir="auto"><span class="x3nfvp2 x1j61x8r x1fcty0u xdj266r xhhsvwb xat24cr xgzva0m xxymvpz xlup9mm x1kky2od"><img decoding="async" class="xz74otr" src="https://static.xx.fbcdn.net/images/emoji.php/v9/t7e/1/16/1f4c5.png" alt="📅" width="16" height="16" /></span> Domingo 8 de marzo <span class="x3nfvp2 x1j61x8r x1fcty0u xdj266r xhhsvwb xat24cr xgzva0m xxymvpz xlup9mm x1kky2od"><img loading="lazy" decoding="async" class="xz74otr" src="https://static.xx.fbcdn.net/images/emoji.php/v9/t34/1/16/23f0.png" alt="⏰" width="16" height="16" /></span> 19:30 h.</div>
</div>
<div class="x11i5rnm xat24cr x1mh8g0r x1vvkbs xtlvy1s x126k92a">
<div dir="auto"><span class="x3nfvp2 x1j61x8r x1fcty0u xdj266r xhhsvwb xat24cr xgzva0m xxymvpz xlup9mm x1kky2od"><img loading="lazy" decoding="async" class="xz74otr" src="https://static.xx.fbcdn.net/images/emoji.php/v9/tdf/1/16/1f4b5.png" alt="💵" width="16" height="16" /></span> Entrada: 1,5€ – venta directa en taquilla desde media hora antes.</div>
<div dir="auto"><span class="html-span xexx8yu x4uap5 x18d9i69 xkhd6sd x1hl2dhg x16tdsg8 x1vvkbs x3nfvp2 x1j61x8r x1fcty0u xdj266r xat24cr xgzva0m xhhsvwb xxymvpz xlup9mm x1kky2od"><img loading="lazy" decoding="async" class="xz74otr" src="https://static.xx.fbcdn.net/images/emoji.php/v9/t2d/1/16/1f4cd.png" alt="📍" width="16" height="16" /></span> Dónde: Centro Cultural</div>
<div dir="auto"><span class="html-span xexx8yu x4uap5 x18d9i69 xkhd6sd x1hl2dhg x16tdsg8 x1vvkbs x3nfvp2 x1j61x8r x1fcty0u xdj266r xat24cr xgzva0m xhhsvwb xxymvpz xlup9mm x1kky2od"><img loading="lazy" decoding="async" class="xz74otr" src="https://static.xx.fbcdn.net/images/emoji.php/v9/t8e/1/16/2139.png" alt="ℹ️" width="16" height="16" /></span> Más información:</div>
</div>
<div dir="auto">
<div dir="auto"><span class="html-span xexx8yu x4uap5 x18d9i69 xkhd6sd x1hl2dhg x16tdsg8 x1vvkbs x3nfvp2 x1j61x8r x1fcty0u xdj266r xat24cr xgzva0m xhhsvwb xxymvpz xlup9mm x1kky2od"><img loading="lazy" decoding="async" class="xz74otr" src="https://static.xx.fbcdn.net/images/emoji.php/v9/te5/1/16/1f492.png" alt="💒" width="16" height="16" /></span> Centro Cultural Ramón Pelayo (Solares)</div>
<div dir="auto"><span class="html-span xexx8yu x4uap5 x18d9i69 xkhd6sd x1hl2dhg x16tdsg8 x1vvkbs x3nfvp2 x1j61x8r x1fcty0u xdj266r xat24cr xgzva0m xhhsvwb xxymvpz xlup9mm x1kky2od"><img loading="lazy" decoding="async" class="xz74otr" src="https://static.xx.fbcdn.net/images/emoji.php/v9/t22/1/16/260e.png" alt="☎" width="16" height="16" /></span> 942 52 26 85 (ó WhatsApp al mismo número)</div>
<div dir="auto"><span class="html-span xexx8yu x4uap5 x18d9i69 xkhd6sd x1hl2dhg x16tdsg8 x1vvkbs x3nfvp2 x1j61x8r x1fcty0u xdj266r xat24cr xgzva0m xhhsvwb xxymvpz xlup9mm x1kky2od"><img loading="lazy" decoding="async" class="xz74otr" src="https://static.xx.fbcdn.net/images/emoji.php/v9/tbe/1/16/1f4e7.png" alt="📧" width="16" height="16" /></span> centrocultural@mediocudeyo.es</div>
</div>
</div>
</div>
</div>
</div>
</div>
</div>
</div>
</div>
</div>

<p>Filmoteca Regional de Cantabria CICLO Sesión especial CINEASTAS CÁNTABRAS Sesión especial por el Día Internacional de la Mujer (8 de marzo) con la proyección de tres mediometrajes realizados por cineastas [&hellip;]</p>
