{"id":25804,"date":"2026-01-21T12:47:35","date_gmt":"2026-01-21T10:47:35","guid":{"rendered":"https:\/\/mediocudeyo.es\/web\/?post_type=tribe_events&#038;p=25804"},"modified":"2026-01-21T12:47:35","modified_gmt":"2026-01-21T10:47:35","slug":"encuentro-con-autor","status":"publish","type":"tribe_events","link":"https:\/\/mediocudeyo.es\/web\/evento\/encuentro-con-autor\/","title":{"rendered":"ENCUENTRO CON AUTOR"},"content":{"rendered":"<p>Javier Perales Vald\u00e9s (Santander, 1978) es un poeta y m\u00fasico conocido principalmente por fundar en 2004 y, dirigir desde entonces, el sello y colectivo art\u00edstico Absenta Poetas, donde ha publicado el ensayo Iconograf\u00eda de la cultura del rock (2004), los poemarios Poes\u00eda de combate (2006) y Esperando al tiempo (2009). Tambi\u00e9n es el autor del corto de cine Beat Dream (2007) y de los poemarios Cielo de agosto (2017), California y otros poemas (2019), ambos publicados por Editorial Fanes y El arte del martillo (2022), de Editorial M\u00e1s madera. Como m\u00fasico ha sido guitarrista de los grupos 33 CL, Speedball y Caravana Moriarty, en solitario ha publicado el EP La prisa de antes (2016). En la actualidad contin\u00faa en la m\u00fasica como cantautor.<\/p>\n<p>Este jueves presentar\u00e1 su libro: \u00abEse olor a tierra quemada\u00bb.<\/p>\n","protected":false},"excerpt":{"rendered":"<p>Javier Perales Vald\u00e9s (Santander, 1978) es un poeta y m\u00fasico conocido principalmente por fundar en 2004 y, dirigir desde entonces, el sello y colectivo art\u00edstico Absenta Poetas, donde ha publicado [&hellip;]<\/p>\n","protected":false},"author":4,"featured_media":25805,"template":"","meta":{"_tribe_events_status":"","_tribe_events_status_reason":"","footnotes":""},"tags":[84,104,238,676],"tribe_events_cat":[],"class_list":["post-25804","tribe_events","type-tribe_events","status-publish","has-post-thumbnail","hentry","tag-biblioteca","tag-centro-cultural","tag-cultura","tag-encuentro-con-autores"],"_links":{"self":[{"href":"https:\/\/mediocudeyo.es\/web\/wp-json\/wp\/v2\/tribe_events\/25804"}],"collection":[{"href":"https:\/\/mediocudeyo.es\/web\/wp-json\/wp\/v2\/tribe_events"}],"about":[{"href":"https:\/\/mediocudeyo.es\/web\/wp-json\/wp\/v2\/types\/tribe_events"}],"author":[{"embeddable":true,"href":"https:\/\/mediocudeyo.es\/web\/wp-json\/wp\/v2\/users\/4"}],"version-history":[{"count":1,"href":"https:\/\/mediocudeyo.es\/web\/wp-json\/wp\/v2\/tribe_events\/25804\/revisions"}],"predecessor-version":[{"id":25806,"href":"https:\/\/mediocudeyo.es\/web\/wp-json\/wp\/v2\/tribe_events\/25804\/revisions\/25806"}],"wp:featuredmedia":[{"embeddable":true,"href":"https:\/\/mediocudeyo.es\/web\/wp-json\/wp\/v2\/media\/25805"}],"wp:attachment":[{"href":"https:\/\/mediocudeyo.es\/web\/wp-json\/wp\/v2\/media?parent=25804"}],"wp:term":[{"taxonomy":"post_tag","embeddable":true,"href":"https:\/\/mediocudeyo.es\/web\/wp-json\/wp\/v2\/tags?post=25804"},{"taxonomy":"tribe_events_cat","embeddable":true,"href":"https:\/\/mediocudeyo.es\/web\/wp-json\/wp\/v2\/tribe_events_cat?post=25804"}],"curies":[{"name":"wp","href":"https:\/\/api.w.org\/{rel}","templated":true}]}}

<p>Javier Perales Valdés (Santander, 1978) es un poeta y músico conocido principalmente por fundar en 2004 y, dirigir desde entonces, el sello y colectivo artístico Absenta Poetas, donde ha publicado el ensayo Iconografía de la cultura del rock (2004), los poemarios Poesía de combate (2006) y Esperando al tiempo (2009). También es el autor del corto de cine Beat Dream (2007) y de los poemarios Cielo de agosto (2017), California y otros poemas (2019), ambos publicados por Editorial Fanes y El arte del martillo (2022), de Editorial Más madera. Como músico ha sido guitarrista de los grupos 33 CL, Speedball y Caravana Moriarty, en solitario ha publicado el EP La prisa de antes (2016). En la actualidad continúa en la música como cantautor.</p>
<p>Este jueves presentará su libro: «Ese olor a tierra quemada».</p>

<p>Javier Perales Valdés (Santander, 1978) es un poeta y músico conocido principalmente por fundar en 2004 y, dirigir desde entonces, el sello y colectivo artístico Absenta Poetas, donde ha publicado [&hellip;]</p>
