{"id":25819,"date":"2026-01-23T09:37:34","date_gmt":"2026-01-23T07:37:34","guid":{"rendered":"https:\/\/mediocudeyo.es\/web\/?post_type=tribe_events&#038;p=25819"},"modified":"2026-01-23T15:52:25","modified_gmt":"2026-01-23T13:52:25","slug":"i-ciclo-amigs-del-teatro-2","status":"publish","type":"tribe_events","link":"https:\/\/mediocudeyo.es\/web\/evento\/i-ciclo-amigs-del-teatro-2\/","title":{"rendered":"I CICLO AMIG@S DEL TEATRO: \u00abCASADO DE D\u00cdA, SOLTERO DE NOCHE"},"content":{"rendered":"<p><strong>\u00abCASADO DE D\u00cdA, SOLTERO DE NOCHE\u00bb (JULIO MATH\u00cdAS) ADAPTACI\u00d3N DE FLOR GUTI\u00c9RREZ<\/strong><\/p>\n<p>GRUPO AMIGOS DEL TEATRO \u2013 LA CAVADA<\/p>\n<p>S\u00c1BADO 14 DE FEBRERO, 19:30H. (APERTURA DE PUERTAS 19:00H.)<\/p>\n<p>APERTURA TAQUILLA: 18:30H.<\/p>\n<p>DURACI\u00d3N APROXIMADA: 90 MINUTOS<\/p>\n<p>ENTRADAS DISPONIBLES<strong> A PARTIR DEL 30 DE ENERO<\/strong> EN: <a href=\"http:\/\/www.mediocudeyo.es\">www.mediocudeyo.es<\/a><\/p>\n<p><strong>POR RESPETO AL RESTO DE ESPECTADORES Y PARA NO ENTORPECER EL NORMAL DESARROLLO DE LA OBRA, UNA VEZ\u00a0 TRANSCURRAN 5 MINUTOS DEL INICIO\u00a0 NO SE PODR\u00c1 ACCEDER A LA SALA.<\/strong><\/p>\n<p>Es una comedia blanca para todos los p\u00fablicos, aunque el t\u00edtulo incide a pensar otra cosa.<\/p>\n<p>Adaptaci\u00f3n de Flor Guti\u00e9rrez, junto al autor de la obra.<\/p>\n<p>\u00abCasado de d\u00eda, soltero de noche\u00bb es una\u00a0comedia teatral del dramaturgo espa\u00f1ol\u00a0<strong>Julio Math\u00edas<\/strong>\u00a0(1921-2002), estrenada en 1978, que trata sobre un matrimonio que, al ser tentados por la infidelidad, experimentan situaciones c\u00f3micas donde sus personalidades se invierten entre el d\u00eda y la noche, explorando temas de amor, fidelidad y roles de g\u00e9nero de forma ligera y divertida, y ha sido publicada en varias ediciones de libros de teatro.<\/p>\n<p>&nbsp;<\/p>\n<p>&nbsp;<\/p>\n","protected":false},"excerpt":{"rendered":"<p>\u00abCASADO DE D\u00cdA, SOLTERO DE NOCHE\u00bb (JULIO MATH\u00cdAS) ADAPTACI\u00d3N DE FLOR GUTI\u00c9RREZ GRUPO AMIGOS DEL TEATRO \u2013 LA CAVADA S\u00c1BADO 14 DE FEBRERO, 19:30H. (APERTURA DE PUERTAS 19:00H.) APERTURA TAQUILLA: [&hellip;]<\/p>\n","protected":false},"author":4,"featured_media":25817,"template":"","meta":{"_tribe_events_status":"","_tribe_events_status_reason":"","footnotes":""},"tags":[104,83],"tribe_events_cat":[],"class_list":["post-25819","tribe_events","type-tribe_events","status-publish","has-post-thumbnail","hentry","tag-centro-cultural","tag-teatro"],"_links":{"self":[{"href":"https:\/\/mediocudeyo.es\/web\/wp-json\/wp\/v2\/tribe_events\/25819"}],"collection":[{"href":"https:\/\/mediocudeyo.es\/web\/wp-json\/wp\/v2\/tribe_events"}],"about":[{"href":"https:\/\/mediocudeyo.es\/web\/wp-json\/wp\/v2\/types\/tribe_events"}],"author":[{"embeddable":true,"href":"https:\/\/mediocudeyo.es\/web\/wp-json\/wp\/v2\/users\/4"}],"version-history":[{"count":4,"href":"https:\/\/mediocudeyo.es\/web\/wp-json\/wp\/v2\/tribe_events\/25819\/revisions"}],"predecessor-version":[{"id":25831,"href":"https:\/\/mediocudeyo.es\/web\/wp-json\/wp\/v2\/tribe_events\/25819\/revisions\/25831"}],"wp:featuredmedia":[{"embeddable":true,"href":"https:\/\/mediocudeyo.es\/web\/wp-json\/wp\/v2\/media\/25817"}],"wp:attachment":[{"href":"https:\/\/mediocudeyo.es\/web\/wp-json\/wp\/v2\/media?parent=25819"}],"wp:term":[{"taxonomy":"post_tag","embeddable":true,"href":"https:\/\/mediocudeyo.es\/web\/wp-json\/wp\/v2\/tags?post=25819"},{"taxonomy":"tribe_events_cat","embeddable":true,"href":"https:\/\/mediocudeyo.es\/web\/wp-json\/wp\/v2\/tribe_events_cat?post=25819"}],"curies":[{"name":"wp","href":"https:\/\/api.w.org\/{rel}","templated":true}]}}

I CICLO AMIG@S DEL TEATRO: «CASADO DE DÍA, SOLTERO DE NOCHE

<p><strong>«CASADO DE DÍA, SOLTERO DE NOCHE» (JULIO MATHÍAS) ADAPTACIÓN DE FLOR GUTIÉRREZ</strong></p>
<p>GRUPO AMIGOS DEL TEATRO – LA CAVADA</p>
<p>SÁBADO 14 DE FEBRERO, 19:30H. (APERTURA DE PUERTAS 19:00H.)</p>
<p>APERTURA TAQUILLA: 18:30H.</p>
<p>DURACIÓN APROXIMADA: 90 MINUTOS</p>
<p>ENTRADAS DISPONIBLES<strong> A PARTIR DEL 30 DE ENERO</strong> EN: <a href="http://www.mediocudeyo.es">www.mediocudeyo.es</a></p>
<p><strong>POR RESPETO AL RESTO DE ESPECTADORES Y PARA NO ENTORPECER EL NORMAL DESARROLLO DE LA OBRA, UNA VEZ  TRANSCURRAN 5 MINUTOS DEL INICIO  NO SE PODRÁ ACCEDER A LA SALA.</strong></p>
<p>Es una comedia blanca para todos los públicos, aunque el título incide a pensar otra cosa.</p>
<p>Adaptación de Flor Gutiérrez, junto al autor de la obra.</p>
<p>«Casado de día, soltero de noche» es una comedia teatral del dramaturgo español <strong>Julio Mathías</strong> (1921-2002), estrenada en 1978, que trata sobre un matrimonio que, al ser tentados por la infidelidad, experimentan situaciones cómicas donde sus personalidades se invierten entre el día y la noche, explorando temas de amor, fidelidad y roles de género de forma ligera y divertida, y ha sido publicada en varias ediciones de libros de teatro.</p>
<p>&nbsp;</p>
<p>&nbsp;</p>

<p>«CASADO DE DÍA, SOLTERO DE NOCHE» (JULIO MATHÍAS) ADAPTACIÓN DE FLOR GUTIÉRREZ GRUPO AMIGOS DEL TEATRO – LA CAVADA SÁBADO 14 DE FEBRERO, 19:30H. (APERTURA DE PUERTAS 19:00H.) APERTURA TAQUILLA: [&hellip;]</p>
