{"id":25841,"date":"2026-01-27T20:44:03","date_gmt":"2026-01-27T18:44:03","guid":{"rendered":"https:\/\/mediocudeyo.es\/web\/?post_type=tribe_events&#038;p=25841"},"modified":"2026-01-27T20:44:03","modified_gmt":"2026-01-27T18:44:03","slug":"conferencia-taller","status":"publish","type":"tribe_events","link":"https:\/\/mediocudeyo.es\/web\/evento\/conferencia-taller\/","title":{"rendered":"CONFERENCIA TALLER"},"content":{"rendered":"<p>\u00abEl etiquetado de los alimentos: una experiencia pr\u00e1ctica y su importancia para la salud\u00bb, con Jos\u00e9 Antonio Otero Hermida.<\/p>\n<p>Organizado por la Asociaci\u00f3n AMASOL.<\/p>\n<p>Centro Cultural Ram\u00f3n Pelayo.<\/p>\n<p>Entrada gratuita hasta completar aforo.<\/p>\n","protected":false},"excerpt":{"rendered":"<p>\u00abEl etiquetado de los alimentos: una experiencia pr\u00e1ctica y su importancia para la salud\u00bb, con Jos\u00e9 Antonio Otero Hermida. Organizado por la Asociaci\u00f3n AMASOL. Centro Cultural Ram\u00f3n Pelayo. Entrada gratuita [&hellip;]<\/p>\n","protected":false},"author":4,"featured_media":0,"template":"","meta":{"_tribe_events_status":"","_tribe_events_status_reason":"","footnotes":""},"tags":[104,555,158],"tribe_events_cat":[],"class_list":["post-25841","tribe_events","type-tribe_events","status-publish","hentry","tag-centro-cultural","tag-conferencias","tag-salud"],"_links":{"self":[{"href":"https:\/\/mediocudeyo.es\/web\/wp-json\/wp\/v2\/tribe_events\/25841"}],"collection":[{"href":"https:\/\/mediocudeyo.es\/web\/wp-json\/wp\/v2\/tribe_events"}],"about":[{"href":"https:\/\/mediocudeyo.es\/web\/wp-json\/wp\/v2\/types\/tribe_events"}],"author":[{"embeddable":true,"href":"https:\/\/mediocudeyo.es\/web\/wp-json\/wp\/v2\/users\/4"}],"version-history":[{"count":1,"href":"https:\/\/mediocudeyo.es\/web\/wp-json\/wp\/v2\/tribe_events\/25841\/revisions"}],"predecessor-version":[{"id":25842,"href":"https:\/\/mediocudeyo.es\/web\/wp-json\/wp\/v2\/tribe_events\/25841\/revisions\/25842"}],"wp:attachment":[{"href":"https:\/\/mediocudeyo.es\/web\/wp-json\/wp\/v2\/media?parent=25841"}],"wp:term":[{"taxonomy":"post_tag","embeddable":true,"href":"https:\/\/mediocudeyo.es\/web\/wp-json\/wp\/v2\/tags?post=25841"},{"taxonomy":"tribe_events_cat","embeddable":true,"href":"https:\/\/mediocudeyo.es\/web\/wp-json\/wp\/v2\/tribe_events_cat?post=25841"}],"curies":[{"name":"wp","href":"https:\/\/api.w.org\/{rel}","templated":true}]}}

<p>«El etiquetado de los alimentos: una experiencia práctica y su importancia para la salud», con José Antonio Otero Hermida.</p>
<p>Organizado por la Asociación AMASOL.</p>
<p>Centro Cultural Ramón Pelayo.</p>
<p>Entrada gratuita hasta completar aforo.</p>

<p>«El etiquetado de los alimentos: una experiencia práctica y su importancia para la salud», con José Antonio Otero Hermida. Organizado por la Asociación AMASOL. Centro Cultural Ramón Pelayo. Entrada gratuita [&hellip;]</p>
