{"id":25929,"date":"2026-02-10T10:05:16","date_gmt":"2026-02-10T08:05:16","guid":{"rendered":"https:\/\/mediocudeyo.es\/web\/?post_type=tribe_events&#038;p=25929"},"modified":"2026-02-10T10:28:03","modified_gmt":"2026-02-10T08:28:03","slug":"filmoteca-los-comulgantes","status":"publish","type":"tribe_events","link":"https:\/\/mediocudeyo.es\/web\/evento\/filmoteca-los-comulgantes\/","title":{"rendered":"FILMOTECA: \u00abLOS COMULGANTES\u00bb"},"content":{"rendered":"<div class=\"tribe-events-single-event-description tribe-events-content\">\n<div class=\"tribe-events-single-event-description tribe-events-content\">\n<div class=\"tribe-events-single-event-description tribe-events-content\">\n<div dir=\"auto\"><span class=\"html-span xexx8yu x4uap5 x18d9i69 xkhd6sd x1hl2dhg x16tdsg8 x1vvkbs x3nfvp2 x1j61x8r x1fcty0u xdj266r xat24cr xgzva0m xhhsvwb xxymvpz xlup9mm x1kky2od\"><img decoding=\"async\" class=\"xz74otr\" src=\"https:\/\/static.xx.fbcdn.net\/images\/emoji.php\/v9\/tff\/1\/16\/1f3a5.png\" alt=\"\ud83c\udfa5\" width=\"16\" height=\"16\" \/><\/span><span class=\"html-span xexx8yu x4uap5 x18d9i69 xkhd6sd x1hl2dhg x16tdsg8 x1vvkbs x3nfvp2 x1j61x8r x1fcty0u xdj266r xat24cr xgzva0m xhhsvwb xxymvpz xlup9mm x1kky2od\"><img decoding=\"async\" class=\"xz74otr\" src=\"https:\/\/static.xx.fbcdn.net\/images\/emoji.php\/v9\/tf4\/1\/16\/2728.png\" alt=\"\u2728\" width=\"16\" height=\"16\" \/><\/span> <strong>Filmoteca Regional de Cantabria<\/strong> <span class=\"html-span xexx8yu x4uap5 x18d9i69 xkhd6sd x1hl2dhg x16tdsg8 x1vvkbs x3nfvp2 x1j61x8r x1fcty0u xdj266r xat24cr xgzva0m xhhsvwb xxymvpz xlup9mm x1kky2od\"><img decoding=\"async\" class=\"xz74otr\" src=\"https:\/\/static.xx.fbcdn.net\/images\/emoji.php\/v9\/tf4\/1\/16\/2728.png\" alt=\"\u2728\" width=\"16\" height=\"16\" \/><\/span><span class=\"html-span xexx8yu x4uap5 x18d9i69 xkhd6sd x1hl2dhg x16tdsg8 x1vvkbs x3nfvp2 x1j61x8r x1fcty0u xdj266r xat24cr xgzva0m xhhsvwb xxymvpz xlup9mm x1kky2od\"><img decoding=\"async\" class=\"xz74otr\" src=\"https:\/\/static.xx.fbcdn.net\/images\/emoji.php\/v9\/tff\/1\/16\/1f3a5.png\" alt=\"\ud83c\udfa5\" width=\"16\" height=\"16\" \/><\/span><\/div>\n<div dir=\"auto\"><strong>CICLO Cine eterno<\/strong><\/div>\n<div dir=\"auto\">\n<div dir=\"auto\">\n<div dir=\"auto\">\n<div dir=\"auto\">\n<div dir=\"auto\">\n<div class=\"\" data-block=\"true\" data-editor=\"dpi6d\" data-offset-key=\"euplh-0-0\">\n<div class=\"_1mf _1mj\" data-offset-key=\"euplh-0-0\">\n<div class=\"xdj266r x11i5rnm xat24cr x1mh8g0r x1vvkbs x126k92a\">\n<div dir=\"auto\">\n<div data-block=\"true\" data-editor=\"dpi6d\" data-offset-key=\"3m6up-0-0\"><strong>TITULO:<\/strong> \u00abLOS COMULGANTES\u00bb V. O. subtitulada<\/div>\n<div data-block=\"true\" data-editor=\"dpi6d\" data-offset-key=\"3m6up-0-0\"><strong>A\u00d1O: 1963\u00a0<\/strong><\/div>\n<div data-block=\"true\" data-editor=\"dpi6d\" data-offset-key=\"3m6up-0-0\"><strong>DURACI\u00d3N:<\/strong> 80 min.<\/div>\n<div data-block=\"true\" data-editor=\"dpi6d\" data-offset-key=\"3m6up-0-0\"><strong>PA\u00cdS<\/strong>: Suecia<\/div>\n<div data-block=\"true\" data-editor=\"dpi6d\" data-offset-key=\"3m6up-0-0\"><strong>DIRECCI\u00d3N:<\/strong><span class=\"nb\">Ingmar Bergman<\/span><\/div>\n<div data-block=\"true\" data-editor=\"dpi6d\" data-offset-key=\"3m6up-0-0\"><strong>G\u00c9NERO: <\/strong>Drama | Religi\u00f3n. Vida rural. Drama psicol\u00f3gico<\/div>\n<div data-block=\"true\" data-editor=\"dpi6d\" data-offset-key=\"3m6up-0-0\"><strong>SINOPSIS:<\/strong>Thomas, un pastor protestante que celebra los oficios religiosos con la iglesia casi vac\u00eda, es un hombre solitario que sufre una profunda crisis espiritual y cuya vida carece de sentido. Incluso el amor que le profesa la maestra Marta se ha vuelto para \u00e9l una carga insoportable. Su situaci\u00f3n se agrava al verse incapaz de ofrecer ayuda alguna a una pareja de campesinos que acuden a \u00e9l para pedirle consejo.<\/div>\n<div data-block=\"true\" data-editor=\"dpi6d\" data-offset-key=\"3m6up-0-0\"><label class=\"custom-simple-label\"><strong>CALIFICACI\u00d3N:<\/strong> NO RECOMENDADA PARA MENORES DE TRECE A\u00d1OS<\/label><\/div>\n<\/div>\n<\/div>\n<div class=\"x11i5rnm xat24cr x1mh8g0r x1vvkbs xtlvy1s x126k92a\">\n<div dir=\"auto\" data-wp-editing=\"1\"><span class=\"x3nfvp2 x1j61x8r x1fcty0u xdj266r xhhsvwb xat24cr xgzva0m xxymvpz xlup9mm x1kky2od\"><img decoding=\"async\" class=\"xz74otr\" src=\"https:\/\/static.xx.fbcdn.net\/images\/emoji.php\/v9\/t40\/1\/16\/25b6.png\" alt=\"\u25b6\" width=\"16\" height=\"16\" \/><\/span><a href=\"https:\/\/www.youtube.com\/watch?v=qrwhiqUTw28\" data-rel=\"lightbox-video-0\"><strong>Tr\u00e1iler<\/strong><\/a><\/div>\n<div dir=\"auto\"><span class=\"x3nfvp2 x1j61x8r x1fcty0u xdj266r xhhsvwb xat24cr xgzva0m xxymvpz xlup9mm x1kky2od\"><img loading=\"lazy\" decoding=\"async\" class=\"xz74otr\" src=\"https:\/\/static.xx.fbcdn.net\/images\/emoji.php\/v9\/t7e\/1\/16\/1f4c5.png\" alt=\"\ud83d\udcc5\" width=\"16\" height=\"16\" \/><\/span> Domingo 12 de abril <span class=\"x3nfvp2 x1j61x8r x1fcty0u xdj266r xhhsvwb xat24cr xgzva0m xxymvpz xlup9mm x1kky2od\"><img loading=\"lazy\" decoding=\"async\" class=\"xz74otr\" src=\"https:\/\/static.xx.fbcdn.net\/images\/emoji.php\/v9\/t34\/1\/16\/23f0.png\" alt=\"\u23f0\" width=\"16\" height=\"16\" \/><\/span> 19:30 h.<\/div>\n<\/div>\n<div class=\"x11i5rnm xat24cr x1mh8g0r x1vvkbs xtlvy1s x126k92a\">\n<div dir=\"auto\"><span class=\"x3nfvp2 x1j61x8r x1fcty0u xdj266r xhhsvwb xat24cr xgzva0m xxymvpz xlup9mm x1kky2od\"><img loading=\"lazy\" decoding=\"async\" class=\"xz74otr\" src=\"https:\/\/static.xx.fbcdn.net\/images\/emoji.php\/v9\/tdf\/1\/16\/1f4b5.png\" alt=\"\ud83d\udcb5\" width=\"16\" height=\"16\" \/><\/span> Entrada: 1,5\u20ac \u2013 venta directa en taquilla desde media hora antes.<\/div>\n<div dir=\"auto\"><span class=\"html-span xexx8yu x4uap5 x18d9i69 xkhd6sd x1hl2dhg x16tdsg8 x1vvkbs x3nfvp2 x1j61x8r x1fcty0u xdj266r xat24cr xgzva0m xhhsvwb xxymvpz xlup9mm x1kky2od\"><img loading=\"lazy\" decoding=\"async\" class=\"xz74otr\" src=\"https:\/\/static.xx.fbcdn.net\/images\/emoji.php\/v9\/t2d\/1\/16\/1f4cd.png\" alt=\"\ud83d\udccd\" width=\"16\" height=\"16\" \/><\/span> D\u00f3nde: Centro Cultural<\/div>\n<div dir=\"auto\"><span class=\"html-span xexx8yu x4uap5 x18d9i69 xkhd6sd x1hl2dhg x16tdsg8 x1vvkbs x3nfvp2 x1j61x8r x1fcty0u xdj266r xat24cr xgzva0m xhhsvwb xxymvpz xlup9mm x1kky2od\"><img loading=\"lazy\" decoding=\"async\" class=\"xz74otr\" src=\"https:\/\/static.xx.fbcdn.net\/images\/emoji.php\/v9\/t8e\/1\/16\/2139.png\" alt=\"\u2139\ufe0f\" width=\"16\" height=\"16\" \/><\/span> M\u00e1s informaci\u00f3n:<\/div>\n<\/div>\n<div dir=\"auto\">\n<div dir=\"auto\"><span class=\"html-span xexx8yu x4uap5 x18d9i69 xkhd6sd x1hl2dhg x16tdsg8 x1vvkbs x3nfvp2 x1j61x8r x1fcty0u xdj266r xat24cr xgzva0m xhhsvwb xxymvpz xlup9mm x1kky2od\"><img loading=\"lazy\" decoding=\"async\" class=\"xz74otr\" src=\"https:\/\/static.xx.fbcdn.net\/images\/emoji.php\/v9\/te5\/1\/16\/1f492.png\" alt=\"\ud83d\udc92\" width=\"16\" height=\"16\" \/><\/span> Centro Cultural Ram\u00f3n Pelayo (Solares)<\/div>\n<div dir=\"auto\"><span class=\"html-span xexx8yu x4uap5 x18d9i69 xkhd6sd x1hl2dhg x16tdsg8 x1vvkbs x3nfvp2 x1j61x8r x1fcty0u xdj266r xat24cr xgzva0m xhhsvwb xxymvpz xlup9mm x1kky2od\"><img loading=\"lazy\" decoding=\"async\" class=\"xz74otr\" src=\"https:\/\/static.xx.fbcdn.net\/images\/emoji.php\/v9\/t22\/1\/16\/260e.png\" alt=\"\u260e\" width=\"16\" height=\"16\" \/><\/span> 942 52 26 85 (\u00f3 WhatsApp al mismo n\u00famero)<\/div>\n<div dir=\"auto\"><span class=\"html-span xexx8yu x4uap5 x18d9i69 xkhd6sd x1hl2dhg x16tdsg8 x1vvkbs x3nfvp2 x1j61x8r x1fcty0u xdj266r xat24cr xgzva0m xhhsvwb xxymvpz xlup9mm x1kky2od\"><img loading=\"lazy\" decoding=\"async\" class=\"xz74otr\" src=\"https:\/\/static.xx.fbcdn.net\/images\/emoji.php\/v9\/tbe\/1\/16\/1f4e7.png\" alt=\"\ud83d\udce7\" width=\"16\" height=\"16\" \/><\/span> centrocultural@mediocudeyo.es<\/div>\n<\/div>\n<\/div>\n<\/div>\n<\/div>\n<\/div>\n<\/div>\n<\/div>\n<\/div>\n<\/div>\n<\/div>\n<\/div>\n","protected":false},"excerpt":{"rendered":"<p>Filmoteca Regional de Cantabria CICLO Cine eterno TITULO: \u00abLOS COMULGANTES\u00bb V. O. subtitulada A\u00d1O: 1963\u00a0 DURACI\u00d3N: 80 min. PA\u00cdS: Suecia DIRECCI\u00d3N:Ingmar Bergman G\u00c9NERO: Drama | Religi\u00f3n. Vida rural. Drama psicol\u00f3gico [&hellip;]<\/p>\n","protected":false},"author":4,"featured_media":25930,"template":"","meta":{"_tribe_events_status":"","_tribe_events_status_reason":"","footnotes":""},"tags":[58,238,117],"tribe_events_cat":[],"class_list":["post-25929","tribe_events","type-tribe_events","status-publish","has-post-thumbnail","hentry","tag-centro-cultural-ramon-pelayo","tag-cultura","tag-filmoteca"],"_links":{"self":[{"href":"https:\/\/mediocudeyo.es\/web\/wp-json\/wp\/v2\/tribe_events\/25929"}],"collection":[{"href":"https:\/\/mediocudeyo.es\/web\/wp-json\/wp\/v2\/tribe_events"}],"about":[{"href":"https:\/\/mediocudeyo.es\/web\/wp-json\/wp\/v2\/types\/tribe_events"}],"author":[{"embeddable":true,"href":"https:\/\/mediocudeyo.es\/web\/wp-json\/wp\/v2\/users\/4"}],"version-history":[{"count":4,"href":"https:\/\/mediocudeyo.es\/web\/wp-json\/wp\/v2\/tribe_events\/25929\/revisions"}],"predecessor-version":[{"id":25937,"href":"https:\/\/mediocudeyo.es\/web\/wp-json\/wp\/v2\/tribe_events\/25929\/revisions\/25937"}],"wp:featuredmedia":[{"embeddable":true,"href":"https:\/\/mediocudeyo.es\/web\/wp-json\/wp\/v2\/media\/25930"}],"wp:attachment":[{"href":"https:\/\/mediocudeyo.es\/web\/wp-json\/wp\/v2\/media?parent=25929"}],"wp:term":[{"taxonomy":"post_tag","embeddable":true,"href":"https:\/\/mediocudeyo.es\/web\/wp-json\/wp\/v2\/tags?post=25929"},{"taxonomy":"tribe_events_cat","embeddable":true,"href":"https:\/\/mediocudeyo.es\/web\/wp-json\/wp\/v2\/tribe_events_cat?post=25929"}],"curies":[{"name":"wp","href":"https:\/\/api.w.org\/{rel}","templated":true}]}}

<div class="tribe-events-single-event-description tribe-events-content">
<div class="tribe-events-single-event-description tribe-events-content">
<div class="tribe-events-single-event-description tribe-events-content">
<div dir="auto"><span class="html-span xexx8yu x4uap5 x18d9i69 xkhd6sd x1hl2dhg x16tdsg8 x1vvkbs x3nfvp2 x1j61x8r x1fcty0u xdj266r xat24cr xgzva0m xhhsvwb xxymvpz xlup9mm x1kky2od"><img decoding="async" class="xz74otr" src="https://static.xx.fbcdn.net/images/emoji.php/v9/tff/1/16/1f3a5.png" alt="🎥" width="16" height="16" /></span><span class="html-span xexx8yu x4uap5 x18d9i69 xkhd6sd x1hl2dhg x16tdsg8 x1vvkbs x3nfvp2 x1j61x8r x1fcty0u xdj266r xat24cr xgzva0m xhhsvwb xxymvpz xlup9mm x1kky2od"><img decoding="async" class="xz74otr" src="https://static.xx.fbcdn.net/images/emoji.php/v9/tf4/1/16/2728.png" alt="✨" width="16" height="16" /></span> <strong>Filmoteca Regional de Cantabria</strong> <span class="html-span xexx8yu x4uap5 x18d9i69 xkhd6sd x1hl2dhg x16tdsg8 x1vvkbs x3nfvp2 x1j61x8r x1fcty0u xdj266r xat24cr xgzva0m xhhsvwb xxymvpz xlup9mm x1kky2od"><img decoding="async" class="xz74otr" src="https://static.xx.fbcdn.net/images/emoji.php/v9/tf4/1/16/2728.png" alt="✨" width="16" height="16" /></span><span class="html-span xexx8yu x4uap5 x18d9i69 xkhd6sd x1hl2dhg x16tdsg8 x1vvkbs x3nfvp2 x1j61x8r x1fcty0u xdj266r xat24cr xgzva0m xhhsvwb xxymvpz xlup9mm x1kky2od"><img decoding="async" class="xz74otr" src="https://static.xx.fbcdn.net/images/emoji.php/v9/tff/1/16/1f3a5.png" alt="🎥" width="16" height="16" /></span></div>
<div dir="auto"><strong>CICLO Cine eterno</strong></div>
<div dir="auto">
<div dir="auto">
<div dir="auto">
<div dir="auto">
<div dir="auto">
<div class="" data-block="true" data-editor="dpi6d" data-offset-key="euplh-0-0">
<div class="_1mf _1mj" data-offset-key="euplh-0-0">
<div class="xdj266r x11i5rnm xat24cr x1mh8g0r x1vvkbs x126k92a">
<div dir="auto">
<div data-block="true" data-editor="dpi6d" data-offset-key="3m6up-0-0"><strong>TITULO:</strong> «LOS COMULGANTES» V. O. subtitulada</div>
<div data-block="true" data-editor="dpi6d" data-offset-key="3m6up-0-0"><strong>AÑO: 1963 </strong></div>
<div data-block="true" data-editor="dpi6d" data-offset-key="3m6up-0-0"><strong>DURACIÓN:</strong> 80 min.</div>
<div data-block="true" data-editor="dpi6d" data-offset-key="3m6up-0-0"><strong>PAÍS</strong>: Suecia</div>
<div data-block="true" data-editor="dpi6d" data-offset-key="3m6up-0-0"><strong>DIRECCIÓN:</strong><span class="nb">Ingmar Bergman</span></div>
<div data-block="true" data-editor="dpi6d" data-offset-key="3m6up-0-0"><strong>GÉNERO: </strong>Drama | Religión. Vida rural. Drama psicológico</div>
<div data-block="true" data-editor="dpi6d" data-offset-key="3m6up-0-0"><strong>SINOPSIS:</strong>Thomas, un pastor protestante que celebra los oficios religiosos con la iglesia casi vacía, es un hombre solitario que sufre una profunda crisis espiritual y cuya vida carece de sentido. Incluso el amor que le profesa la maestra Marta se ha vuelto para él una carga insoportable. Su situación se agrava al verse incapaz de ofrecer ayuda alguna a una pareja de campesinos que acuden a él para pedirle consejo.</div>
<div data-block="true" data-editor="dpi6d" data-offset-key="3m6up-0-0"><label class="custom-simple-label"><strong>CALIFICACIÓN:</strong> NO RECOMENDADA PARA MENORES DE TRECE AÑOS</label></div>
</div>
</div>
<div class="x11i5rnm xat24cr x1mh8g0r x1vvkbs xtlvy1s x126k92a">
<div dir="auto" data-wp-editing="1"><span class="x3nfvp2 x1j61x8r x1fcty0u xdj266r xhhsvwb xat24cr xgzva0m xxymvpz xlup9mm x1kky2od"><img decoding="async" class="xz74otr" src="https://static.xx.fbcdn.net/images/emoji.php/v9/t40/1/16/25b6.png" alt="▶" width="16" height="16" /></span><a href="https://www.youtube.com/watch?v=qrwhiqUTw28" data-rel="lightbox-video-0"><strong>Tráiler</strong></a></div>
<div dir="auto"><span class="x3nfvp2 x1j61x8r x1fcty0u xdj266r xhhsvwb xat24cr xgzva0m xxymvpz xlup9mm x1kky2od"><img loading="lazy" decoding="async" class="xz74otr" src="https://static.xx.fbcdn.net/images/emoji.php/v9/t7e/1/16/1f4c5.png" alt="📅" width="16" height="16" /></span> Domingo 12 de abril <span class="x3nfvp2 x1j61x8r x1fcty0u xdj266r xhhsvwb xat24cr xgzva0m xxymvpz xlup9mm x1kky2od"><img loading="lazy" decoding="async" class="xz74otr" src="https://static.xx.fbcdn.net/images/emoji.php/v9/t34/1/16/23f0.png" alt="⏰" width="16" height="16" /></span> 19:30 h.</div>
</div>
<div class="x11i5rnm xat24cr x1mh8g0r x1vvkbs xtlvy1s x126k92a">
<div dir="auto"><span class="x3nfvp2 x1j61x8r x1fcty0u xdj266r xhhsvwb xat24cr xgzva0m xxymvpz xlup9mm x1kky2od"><img loading="lazy" decoding="async" class="xz74otr" src="https://static.xx.fbcdn.net/images/emoji.php/v9/tdf/1/16/1f4b5.png" alt="💵" width="16" height="16" /></span> Entrada: 1,5€ – venta directa en taquilla desde media hora antes.</div>
<div dir="auto"><span class="html-span xexx8yu x4uap5 x18d9i69 xkhd6sd x1hl2dhg x16tdsg8 x1vvkbs x3nfvp2 x1j61x8r x1fcty0u xdj266r xat24cr xgzva0m xhhsvwb xxymvpz xlup9mm x1kky2od"><img loading="lazy" decoding="async" class="xz74otr" src="https://static.xx.fbcdn.net/images/emoji.php/v9/t2d/1/16/1f4cd.png" alt="📍" width="16" height="16" /></span> Dónde: Centro Cultural</div>
<div dir="auto"><span class="html-span xexx8yu x4uap5 x18d9i69 xkhd6sd x1hl2dhg x16tdsg8 x1vvkbs x3nfvp2 x1j61x8r x1fcty0u xdj266r xat24cr xgzva0m xhhsvwb xxymvpz xlup9mm x1kky2od"><img loading="lazy" decoding="async" class="xz74otr" src="https://static.xx.fbcdn.net/images/emoji.php/v9/t8e/1/16/2139.png" alt="ℹ️" width="16" height="16" /></span> Más información:</div>
</div>
<div dir="auto">
<div dir="auto"><span class="html-span xexx8yu x4uap5 x18d9i69 xkhd6sd x1hl2dhg x16tdsg8 x1vvkbs x3nfvp2 x1j61x8r x1fcty0u xdj266r xat24cr xgzva0m xhhsvwb xxymvpz xlup9mm x1kky2od"><img loading="lazy" decoding="async" class="xz74otr" src="https://static.xx.fbcdn.net/images/emoji.php/v9/te5/1/16/1f492.png" alt="💒" width="16" height="16" /></span> Centro Cultural Ramón Pelayo (Solares)</div>
<div dir="auto"><span class="html-span xexx8yu x4uap5 x18d9i69 xkhd6sd x1hl2dhg x16tdsg8 x1vvkbs x3nfvp2 x1j61x8r x1fcty0u xdj266r xat24cr xgzva0m xhhsvwb xxymvpz xlup9mm x1kky2od"><img loading="lazy" decoding="async" class="xz74otr" src="https://static.xx.fbcdn.net/images/emoji.php/v9/t22/1/16/260e.png" alt="☎" width="16" height="16" /></span> 942 52 26 85 (ó WhatsApp al mismo número)</div>
<div dir="auto"><span class="html-span xexx8yu x4uap5 x18d9i69 xkhd6sd x1hl2dhg x16tdsg8 x1vvkbs x3nfvp2 x1j61x8r x1fcty0u xdj266r xat24cr xgzva0m xhhsvwb xxymvpz xlup9mm x1kky2od"><img loading="lazy" decoding="async" class="xz74otr" src="https://static.xx.fbcdn.net/images/emoji.php/v9/tbe/1/16/1f4e7.png" alt="📧" width="16" height="16" /></span> centrocultural@mediocudeyo.es</div>
</div>
</div>
</div>
</div>
</div>
</div>
</div>
</div>
</div>
</div>
</div>

<p>Filmoteca Regional de Cantabria CICLO Cine eterno TITULO: «LOS COMULGANTES» V. O. subtitulada AÑO: 1963  DURACIÓN: 80 min. PAÍS: Suecia DIRECCIÓN:Ingmar Bergman GÉNERO: Drama | Religión. Vida rural. Drama psicológico [&hellip;]</p>
