{"id":25980,"date":"2026-02-24T14:01:31","date_gmt":"2026-02-24T12:01:31","guid":{"rendered":"https:\/\/mediocudeyo.es\/web\/?post_type=tribe_events&#038;p=25980"},"modified":"2026-02-27T09:11:10","modified_gmt":"2026-02-27T07:11:10","slug":"fusionarte-la-mala-hierba","status":"publish","type":"tribe_events","link":"https:\/\/mediocudeyo.es\/web\/evento\/fusionarte-la-mala-hierba\/","title":{"rendered":"FusionARTE primavera 2026: \u00abEMBANDADA\u00bb DE LA MALA HIERBA"},"content":{"rendered":"<p>Proyecto musical de Gema Mart\u00ednez (voz) y Nicol\u00e1s Rodr\u00edguez (guitarra).<br \/>\nUna \u201cbandada\u201d interpretando canciones y poemas con los p\u00e1jaros como hilo conductor, siendo \u00e9stos alegor\u00eda de sentimientos y anhelos humanos, siendo su belleza y diversidad fuente inagotable de inspiraci\u00f3n. La m\u00fasica y las palabras nos llevar\u00e1n a diferentes \u00e9pocas, g\u00e9neros y lenguas en un itinerario sorprendente y emocionante.<\/p>\n<p>&nbsp;<\/p>\n<p><a href=\"https:\/\/mediocudeyo.es\/web\/servicios-municipales\/cultura-y-juventud\/venta-de-entradas-cultura\/\">COMPRAS AQU\u00cd TUS ENTRADAS<\/a><\/p>\n<p>&nbsp;<\/p>\n","protected":false},"excerpt":{"rendered":"<p>Proyecto musical de Gema Mart\u00ednez (voz) y Nicol\u00e1s Rodr\u00edguez (guitarra). Una \u201cbandada\u201d interpretando canciones y poemas con los p\u00e1jaros como hilo conductor, siendo \u00e9stos alegor\u00eda de sentimientos y anhelos humanos, [&hellip;]<\/p>\n","protected":false},"author":4,"featured_media":25981,"template":"","meta":{"_tribe_events_status":"","_tribe_events_status_reason":"","footnotes":""},"tags":[58,238,82,160],"tribe_events_cat":[],"class_list":["post-25980","tribe_events","type-tribe_events","status-publish","has-post-thumbnail","hentry","tag-centro-cultural-ramon-pelayo","tag-cultura","tag-fusionarte","tag-musica"],"_links":{"self":[{"href":"https:\/\/mediocudeyo.es\/web\/wp-json\/wp\/v2\/tribe_events\/25980"}],"collection":[{"href":"https:\/\/mediocudeyo.es\/web\/wp-json\/wp\/v2\/tribe_events"}],"about":[{"href":"https:\/\/mediocudeyo.es\/web\/wp-json\/wp\/v2\/types\/tribe_events"}],"author":[{"embeddable":true,"href":"https:\/\/mediocudeyo.es\/web\/wp-json\/wp\/v2\/users\/4"}],"version-history":[{"count":5,"href":"https:\/\/mediocudeyo.es\/web\/wp-json\/wp\/v2\/tribe_events\/25980\/revisions"}],"predecessor-version":[{"id":26118,"href":"https:\/\/mediocudeyo.es\/web\/wp-json\/wp\/v2\/tribe_events\/25980\/revisions\/26118"}],"wp:featuredmedia":[{"embeddable":true,"href":"https:\/\/mediocudeyo.es\/web\/wp-json\/wp\/v2\/media\/25981"}],"wp:attachment":[{"href":"https:\/\/mediocudeyo.es\/web\/wp-json\/wp\/v2\/media?parent=25980"}],"wp:term":[{"taxonomy":"post_tag","embeddable":true,"href":"https:\/\/mediocudeyo.es\/web\/wp-json\/wp\/v2\/tags?post=25980"},{"taxonomy":"tribe_events_cat","embeddable":true,"href":"https:\/\/mediocudeyo.es\/web\/wp-json\/wp\/v2\/tribe_events_cat?post=25980"}],"curies":[{"name":"wp","href":"https:\/\/api.w.org\/{rel}","templated":true}]}}

<p>Proyecto musical de Gema Martínez (voz) y Nicolás Rodríguez (guitarra).<br />
Una “bandada” interpretando canciones y poemas con los pájaros como hilo conductor, siendo éstos alegoría de sentimientos y anhelos humanos, siendo su belleza y diversidad fuente inagotable de inspiración. La música y las palabras nos llevarán a diferentes épocas, géneros y lenguas en un itinerario sorprendente y emocionante.</p>
<p>&nbsp;</p>
<p><a href="https://mediocudeyo.es/web/servicios-municipales/cultura-y-juventud/venta-de-entradas-cultura/">COMPRAS AQUÍ TUS ENTRADAS</a></p>
<p>&nbsp;</p>

<p>Proyecto musical de Gema Martínez (voz) y Nicolás Rodríguez (guitarra). Una “bandada” interpretando canciones y poemas con los pájaros como hilo conductor, siendo éstos alegoría de sentimientos y anhelos humanos, [&hellip;]</p>
