{"id":25992,"date":"2026-02-24T14:46:22","date_gmt":"2026-02-24T12:46:22","guid":{"rendered":"https:\/\/mediocudeyo.es\/web\/?post_type=tribe_events&#038;p=25992"},"modified":"2026-02-25T09:48:29","modified_gmt":"2026-02-25T07:48:29","slug":"fusionarteprimavera-2026-bubble-magic-de-bubble-factory","status":"publish","type":"tribe_events","link":"https:\/\/mediocudeyo.es\/web\/evento\/fusionarteprimavera-2026-bubble-magic-de-bubble-factory\/","title":{"rendered":"FusionARTE primavera 2026: \u00abBUBBLE MAGIC\u00bb DE BUBBLE FACTORY"},"content":{"rendered":"<p>Espect\u00e1culo familiar donde los fascinantes n\u00fameros de pompas de jab\u00f3n se mezclan con gags c\u00f3micos pensados para ni\u00f1os y adultos.<br \/>\nLos mejores n\u00fameros de pompas para un formato directo y desenfadado con el p\u00fablico que consiguen la sonrisa en todas las edades. Al finalizar, se podr\u00e1 disfrutar de la interacci\u00f3n de l@s ni\u00f1@s con las pompas.<br \/>\nRecomendado a partir de 3 a\u00f1os.<\/p>\n<p><a href=\"https:\/\/mediocudeyo.es\/web\/servicios-municipales\/cultura-y-juventud\/venta-de-entradas-cultura\/\">COMPRA AQU\u00cd TUS ENTRADAS<\/a><\/p>\n","protected":false},"excerpt":{"rendered":"<p>Espect\u00e1culo familiar donde los fascinantes n\u00fameros de pompas de jab\u00f3n se mezclan con gags c\u00f3micos pensados para ni\u00f1os y adultos. Los mejores n\u00fameros de pompas para un formato directo y [&hellip;]<\/p>\n","protected":false},"author":4,"featured_media":25993,"template":"","meta":{"_tribe_events_status":"","_tribe_events_status_reason":"","footnotes":""},"tags":[58,238,192,82,64],"tribe_events_cat":[],"class_list":["post-25992","tribe_events","type-tribe_events","status-publish","has-post-thumbnail","hentry","tag-centro-cultural-ramon-pelayo","tag-cultura","tag-familiar","tag-fusionarte","tag-infantil"],"_links":{"self":[{"href":"https:\/\/mediocudeyo.es\/web\/wp-json\/wp\/v2\/tribe_events\/25992"}],"collection":[{"href":"https:\/\/mediocudeyo.es\/web\/wp-json\/wp\/v2\/tribe_events"}],"about":[{"href":"https:\/\/mediocudeyo.es\/web\/wp-json\/wp\/v2\/types\/tribe_events"}],"author":[{"embeddable":true,"href":"https:\/\/mediocudeyo.es\/web\/wp-json\/wp\/v2\/users\/4"}],"version-history":[{"count":3,"href":"https:\/\/mediocudeyo.es\/web\/wp-json\/wp\/v2\/tribe_events\/25992\/revisions"}],"predecessor-version":[{"id":26062,"href":"https:\/\/mediocudeyo.es\/web\/wp-json\/wp\/v2\/tribe_events\/25992\/revisions\/26062"}],"wp:featuredmedia":[{"embeddable":true,"href":"https:\/\/mediocudeyo.es\/web\/wp-json\/wp\/v2\/media\/25993"}],"wp:attachment":[{"href":"https:\/\/mediocudeyo.es\/web\/wp-json\/wp\/v2\/media?parent=25992"}],"wp:term":[{"taxonomy":"post_tag","embeddable":true,"href":"https:\/\/mediocudeyo.es\/web\/wp-json\/wp\/v2\/tags?post=25992"},{"taxonomy":"tribe_events_cat","embeddable":true,"href":"https:\/\/mediocudeyo.es\/web\/wp-json\/wp\/v2\/tribe_events_cat?post=25992"}],"curies":[{"name":"wp","href":"https:\/\/api.w.org\/{rel}","templated":true}]}}

<p>Espectáculo familiar donde los fascinantes números de pompas de jabón se mezclan con gags cómicos pensados para niños y adultos.<br />
Los mejores números de pompas para un formato directo y desenfadado con el público que consiguen la sonrisa en todas las edades. Al finalizar, se podrá disfrutar de la interacción de l@s niñ@s con las pompas.<br />
Recomendado a partir de 3 años.</p>
<p><a href="https://mediocudeyo.es/web/servicios-municipales/cultura-y-juventud/venta-de-entradas-cultura/">COMPRA AQUÍ TUS ENTRADAS</a></p>

<p>Espectáculo familiar donde los fascinantes números de pompas de jabón se mezclan con gags cómicos pensados para niños y adultos. Los mejores números de pompas para un formato directo y [&hellip;]</p>
