{"id":26063,"date":"2026-02-25T10:13:07","date_gmt":"2026-02-25T08:13:07","guid":{"rendered":"https:\/\/mediocudeyo.es\/web\/?post_type=tribe_events&#038;p=26063"},"modified":"2026-02-25T10:13:07","modified_gmt":"2026-02-25T08:13:07","slug":"fusionarte-primavera-2026-tresboliyu-folk","status":"publish","type":"tribe_events","link":"https:\/\/mediocudeyo.es\/web\/evento\/fusionarte-primavera-2026-tresboliyu-folk\/","title":{"rendered":"FusionARTE primavera 2026: TRESBOLIYU FOLK"},"content":{"rendered":"<p>Formaci\u00f3n de ocho m\u00fasicos procedentes de diversos g\u00e9neros musicales, cuyo objetivo es dar un aire personal y actual al folclore tradicional de distintas partes del mundo. Se trata de una propuesta numerosa y equilibrada, donde la variedad de instrumentos mel\u00f3dicos y r\u00edtmicos se une a un trabajo constante y cuidado, avanzando en cada ensayo y super\u00e1ndose en cada actuaci\u00f3n.<\/p>\n<p><a href=\"https:\/\/mediocudeyo.es\/web\/servicios-municipales\/cultura-y-juventud\/venta-de-entradas-cultura\/\">COMPRA TUS ENTRADAS AQU\u00cd<\/a><\/p>\n","protected":false},"excerpt":{"rendered":"<p>Formaci\u00f3n de ocho m\u00fasicos procedentes de diversos g\u00e9neros musicales, cuyo objetivo es dar un aire personal y actual al folclore tradicional de distintas partes del mundo. Se trata de una [&hellip;]<\/p>\n","protected":false},"author":4,"featured_media":26064,"template":"","meta":{"_tribe_events_status":"","_tribe_events_status_reason":"","footnotes":""},"tags":[58,238,82,160],"tribe_events_cat":[],"class_list":["post-26063","tribe_events","type-tribe_events","status-publish","has-post-thumbnail","hentry","tag-centro-cultural-ramon-pelayo","tag-cultura","tag-fusionarte","tag-musica"],"_links":{"self":[{"href":"https:\/\/mediocudeyo.es\/web\/wp-json\/wp\/v2\/tribe_events\/26063"}],"collection":[{"href":"https:\/\/mediocudeyo.es\/web\/wp-json\/wp\/v2\/tribe_events"}],"about":[{"href":"https:\/\/mediocudeyo.es\/web\/wp-json\/wp\/v2\/types\/tribe_events"}],"author":[{"embeddable":true,"href":"https:\/\/mediocudeyo.es\/web\/wp-json\/wp\/v2\/users\/4"}],"version-history":[{"count":1,"href":"https:\/\/mediocudeyo.es\/web\/wp-json\/wp\/v2\/tribe_events\/26063\/revisions"}],"predecessor-version":[{"id":26065,"href":"https:\/\/mediocudeyo.es\/web\/wp-json\/wp\/v2\/tribe_events\/26063\/revisions\/26065"}],"wp:featuredmedia":[{"embeddable":true,"href":"https:\/\/mediocudeyo.es\/web\/wp-json\/wp\/v2\/media\/26064"}],"wp:attachment":[{"href":"https:\/\/mediocudeyo.es\/web\/wp-json\/wp\/v2\/media?parent=26063"}],"wp:term":[{"taxonomy":"post_tag","embeddable":true,"href":"https:\/\/mediocudeyo.es\/web\/wp-json\/wp\/v2\/tags?post=26063"},{"taxonomy":"tribe_events_cat","embeddable":true,"href":"https:\/\/mediocudeyo.es\/web\/wp-json\/wp\/v2\/tribe_events_cat?post=26063"}],"curies":[{"name":"wp","href":"https:\/\/api.w.org\/{rel}","templated":true}]}}

<p>Formación de ocho músicos procedentes de diversos géneros musicales, cuyo objetivo es dar un aire personal y actual al folclore tradicional de distintas partes del mundo. Se trata de una propuesta numerosa y equilibrada, donde la variedad de instrumentos melódicos y rítmicos se une a un trabajo constante y cuidado, avanzando en cada ensayo y superándose en cada actuación.</p>
<p><a href="https://mediocudeyo.es/web/servicios-municipales/cultura-y-juventud/venta-de-entradas-cultura/">COMPRA TUS ENTRADAS AQUÍ</a></p>

<p>Formación de ocho músicos procedentes de diversos géneros musicales, cuyo objetivo es dar un aire personal y actual al folclore tradicional de distintas partes del mundo. Se trata de una [&hellip;]</p>
