{"id":26066,"date":"2026-02-25T11:14:00","date_gmt":"2026-02-25T09:14:00","guid":{"rendered":"https:\/\/mediocudeyo.es\/web\/?post_type=tribe_events&#038;p=26066"},"modified":"2026-02-25T11:14:00","modified_gmt":"2026-02-25T09:14:00","slug":"fusinarte-primavera-2026-breaking-beethoven-de-izarblue","status":"publish","type":"tribe_events","link":"https:\/\/mediocudeyo.es\/web\/evento\/fusinarte-primavera-2026-breaking-beethoven-de-izarblue\/","title":{"rendered":"FusinARTE primavera 2026: \u00abBREAKING BEETHOVEN\u00bb DE IZARBLUE"},"content":{"rendered":"<p>Fusi\u00f3n de la m\u00fasica cl\u00e1sica de Beethoven con el Break Dance y Danza Contempor\u00e1nea acompa\u00f1ado de audiovisuales en directo.<br \/>\nArropado por las nuevas tecnolog\u00edas, en este espect\u00e1culo se presentan las composiciones de Ludwig Van Beethoven en una atm\u00f3sfera cargada de ritmos urbanos.<br \/>\nSi Beethoven viviera hoy, ser\u00eda un B-Boy<br \/>\nPara p\u00fablico joven y adulto.<\/p>\n<p><a href=\"https:\/\/mediocudeyo.es\/web\/servicios-municipales\/cultura-y-juventud\/venta-de-entradas-cultura\/\">COMPRA AQU\u00cd TUS ENTRADAS<\/a><\/p>\n","protected":false},"excerpt":{"rendered":"<p>Fusi\u00f3n de la m\u00fasica cl\u00e1sica de Beethoven con el Break Dance y Danza Contempor\u00e1nea acompa\u00f1ado de audiovisuales en directo. Arropado por las nuevas tecnolog\u00edas, en este espect\u00e1culo se presentan las [&hellip;]<\/p>\n","protected":false},"author":4,"featured_media":26067,"template":"","meta":{"_tribe_events_status":"","_tribe_events_status_reason":"","footnotes":""},"tags":[58,238,146,82],"tribe_events_cat":[],"class_list":["post-26066","tribe_events","type-tribe_events","status-publish","has-post-thumbnail","hentry","tag-centro-cultural-ramon-pelayo","tag-cultura","tag-danza","tag-fusionarte"],"_links":{"self":[{"href":"https:\/\/mediocudeyo.es\/web\/wp-json\/wp\/v2\/tribe_events\/26066"}],"collection":[{"href":"https:\/\/mediocudeyo.es\/web\/wp-json\/wp\/v2\/tribe_events"}],"about":[{"href":"https:\/\/mediocudeyo.es\/web\/wp-json\/wp\/v2\/types\/tribe_events"}],"author":[{"embeddable":true,"href":"https:\/\/mediocudeyo.es\/web\/wp-json\/wp\/v2\/users\/4"}],"version-history":[{"count":1,"href":"https:\/\/mediocudeyo.es\/web\/wp-json\/wp\/v2\/tribe_events\/26066\/revisions"}],"predecessor-version":[{"id":26068,"href":"https:\/\/mediocudeyo.es\/web\/wp-json\/wp\/v2\/tribe_events\/26066\/revisions\/26068"}],"wp:featuredmedia":[{"embeddable":true,"href":"https:\/\/mediocudeyo.es\/web\/wp-json\/wp\/v2\/media\/26067"}],"wp:attachment":[{"href":"https:\/\/mediocudeyo.es\/web\/wp-json\/wp\/v2\/media?parent=26066"}],"wp:term":[{"taxonomy":"post_tag","embeddable":true,"href":"https:\/\/mediocudeyo.es\/web\/wp-json\/wp\/v2\/tags?post=26066"},{"taxonomy":"tribe_events_cat","embeddable":true,"href":"https:\/\/mediocudeyo.es\/web\/wp-json\/wp\/v2\/tribe_events_cat?post=26066"}],"curies":[{"name":"wp","href":"https:\/\/api.w.org\/{rel}","templated":true}]}}

<p>Fusión de la música clásica de Beethoven con el Break Dance y Danza Contemporánea acompañado de audiovisuales en directo.<br />
Arropado por las nuevas tecnologías, en este espectáculo se presentan las composiciones de Ludwig Van Beethoven en una atmósfera cargada de ritmos urbanos.<br />
Si Beethoven viviera hoy, sería un B-Boy<br />
Para público joven y adulto.</p>
<p><a href="https://mediocudeyo.es/web/servicios-municipales/cultura-y-juventud/venta-de-entradas-cultura/">COMPRA AQUÍ TUS ENTRADAS</a></p>

<p>Fusión de la música clásica de Beethoven con el Break Dance y Danza Contemporánea acompañado de audiovisuales en directo. Arropado por las nuevas tecnologías, en este espectáculo se presentan las [&hellip;]</p>
