{"id":26190,"date":"2026-03-13T10:19:00","date_gmt":"2026-03-13T08:19:00","guid":{"rendered":"https:\/\/mediocudeyo.es\/web\/?post_type=tribe_events&#038;p=26190"},"modified":"2026-03-13T10:24:37","modified_gmt":"2026-03-13T08:24:37","slug":"26190","status":"publish","type":"tribe_events","link":"https:\/\/mediocudeyo.es\/web\/evento\/26190\/","title":{"rendered":"TEATRO: \u00abPEN\u00c9LOPE LIBERADA\u00bb (LA ODISEA EN FEMENINO)"},"content":{"rendered":"<div class=\"tcvpb_column_tc_span8\">\n<p>CONMEMORACI\u00d3N 8M- D\u00eda internacional de la mujer.<\/p>\n<p>Comedia agridulce de g\u00e9nero con tem\u00e1tica de igualdad y a modo de reivindicaci\u00f3n del papel de la mujer trabajadora e independiente en la sociedad desde el principio de los tiempos.<br \/>\nBas\u00e1ndonos en la obra \u00abLa Odisea\u00bb de Homero, bajo un prisma cercano a nuestra realidad y desde el humor, se trata de una cr\u00edtica a la literatura que ya desde los griegos han tratado a la mujer como una mera espectadora de acontecimientos, que espera, aporta poco y se sit\u00faa en un segundo plano.<br \/>\nEl espect\u00e1culo muestra un cambio de paradigma, nuestra protagonista rompe con esa distribuci\u00f3n de roles y pasa a tomar decisiones para y por su propia felicidad e inicia un camino en el que valora m\u00e1s su personalidad e independencia, que ser una mujer abandonada, que espera o que est\u00e1 dispuesta cualquier cosa por amor.<\/p>\n<p><a href=\"https:\/\/mediocudeyo.es\/web\/servicios-municipales\/cultura-y-juventud\/venta-de-entradas-cultura\/\">CONSIGUE AQU\u00cd TUS ENTRADAS GRATUITAS<\/a><\/p>\n<\/div>\n<div class=\"tcvpb_column_tc_span4\">\n<div id=\"fb-root\" class=\" fb_reset\">\n<div>\n<div><\/div>\n<\/div>\n<\/div>\n<div class=\"fb-page fb_iframe_widget\" data-href=\"https:\/\/www.facebook.com\/gestionentradas\/\" data-small-header=\"true\" data-adapt-container-width=\"true\" data-hide-cover=\"false\" data-show-facepile=\"false\"><\/div>\n<div class=\"tcvpb-image tcvpb-animo animation_completed\" data-delay=\"0\" data-duration=\"1000\" data-trigger_pt=\"0\" data-animation=\"bounceInRight\"><\/div>\n<\/div>\n","protected":false},"excerpt":{"rendered":"<p>CONMEMORACI\u00d3N 8M- D\u00eda internacional de la mujer. Comedia agridulce de g\u00e9nero con tem\u00e1tica de igualdad y a modo de reivindicaci\u00f3n del papel de la mujer trabajadora e independiente en la [&hellip;]<\/p>\n","protected":false},"author":4,"featured_media":26191,"template":"","meta":{"_tribe_events_status":"","_tribe_events_status_reason":"","footnotes":""},"tags":[58,238,68,83],"tribe_events_cat":[],"class_list":["post-26190","tribe_events","type-tribe_events","status-publish","has-post-thumbnail","hentry","tag-centro-cultural-ramon-pelayo","tag-cultura","tag-igualdad","tag-teatro"],"_links":{"self":[{"href":"https:\/\/mediocudeyo.es\/web\/wp-json\/wp\/v2\/tribe_events\/26190"}],"collection":[{"href":"https:\/\/mediocudeyo.es\/web\/wp-json\/wp\/v2\/tribe_events"}],"about":[{"href":"https:\/\/mediocudeyo.es\/web\/wp-json\/wp\/v2\/types\/tribe_events"}],"author":[{"embeddable":true,"href":"https:\/\/mediocudeyo.es\/web\/wp-json\/wp\/v2\/users\/4"}],"version-history":[{"count":4,"href":"https:\/\/mediocudeyo.es\/web\/wp-json\/wp\/v2\/tribe_events\/26190\/revisions"}],"predecessor-version":[{"id":26193,"href":"https:\/\/mediocudeyo.es\/web\/wp-json\/wp\/v2\/tribe_events\/26190\/revisions\/26193"}],"wp:featuredmedia":[{"embeddable":true,"href":"https:\/\/mediocudeyo.es\/web\/wp-json\/wp\/v2\/media\/26191"}],"wp:attachment":[{"href":"https:\/\/mediocudeyo.es\/web\/wp-json\/wp\/v2\/media?parent=26190"}],"wp:term":[{"taxonomy":"post_tag","embeddable":true,"href":"https:\/\/mediocudeyo.es\/web\/wp-json\/wp\/v2\/tags?post=26190"},{"taxonomy":"tribe_events_cat","embeddable":true,"href":"https:\/\/mediocudeyo.es\/web\/wp-json\/wp\/v2\/tribe_events_cat?post=26190"}],"curies":[{"name":"wp","href":"https:\/\/api.w.org\/{rel}","templated":true}]}}

TEATRO: «PENÉLOPE LIBERADA» (LA ODISEA EN FEMENINO)

<div class="tcvpb_column_tc_span8">
<p>CONMEMORACIÓN 8M- Día internacional de la mujer.</p>
<p>Comedia agridulce de género con temática de igualdad y a modo de reivindicación del papel de la mujer trabajadora e independiente en la sociedad desde el principio de los tiempos.<br />
Basándonos en la obra «La Odisea» de Homero, bajo un prisma cercano a nuestra realidad y desde el humor, se trata de una crítica a la literatura que ya desde los griegos han tratado a la mujer como una mera espectadora de acontecimientos, que espera, aporta poco y se sitúa en un segundo plano.<br />
El espectáculo muestra un cambio de paradigma, nuestra protagonista rompe con esa distribución de roles y pasa a tomar decisiones para y por su propia felicidad e inicia un camino en el que valora más su personalidad e independencia, que ser una mujer abandonada, que espera o que está dispuesta cualquier cosa por amor.</p>
<p><a href="https://mediocudeyo.es/web/servicios-municipales/cultura-y-juventud/venta-de-entradas-cultura/">CONSIGUE AQUÍ TUS ENTRADAS GRATUITAS</a></p>
</div>
<div class="tcvpb_column_tc_span4">
<div id="fb-root" class=" fb_reset">
<div>
<div></div>
</div>
</div>
<div class="fb-page fb_iframe_widget" data-href="https://www.facebook.com/gestionentradas/" data-small-header="true" data-adapt-container-width="true" data-hide-cover="false" data-show-facepile="false"></div>
<div class="tcvpb-image tcvpb-animo animation_completed" data-delay="0" data-duration="1000" data-trigger_pt="0" data-animation="bounceInRight"></div>
</div>

<p>CONMEMORACIÓN 8M- Día internacional de la mujer. Comedia agridulce de género con temática de igualdad y a modo de reivindicación del papel de la mujer trabajadora e independiente en la [&hellip;]</p>
