{"id":26310,"date":"2026-04-13T11:52:34","date_gmt":"2026-04-13T09:52:34","guid":{"rendered":"https:\/\/mediocudeyo.es\/web\/?post_type=tribe_events&#038;p=26310"},"modified":"2026-04-20T09:07:55","modified_gmt":"2026-04-20T07:07:55","slug":"teatro-homenaje-a-garcia-lorca-y-munoz-seca","status":"publish","type":"tribe_events","link":"https:\/\/mediocudeyo.es\/web\/evento\/teatro-homenaje-a-garcia-lorca-y-munoz-seca\/","title":{"rendered":"TEATRO: HOMENAJE A GARC\u00cdA LORCA Y MU\u00d1OZ SECA"},"content":{"rendered":"<p>Actuaci\u00f3n de la Escuela Municipal de Teatro de Medio Cudeyo, dirigida por Fernando Rebanal, en conmemoraci\u00f3n al D\u00eda del libro.<\/p>\n<p>Una obra en homenaje a los escritores Garc\u00eda Lorca y Mu\u00f1oz Seca<\/p>\n<p>S\u00e1bado 25 de abril. Entrada: 1\u20ac.<\/p>\n<div class=\"x14z9mp xat24cr x1lziwak x1vvkbs xtlvy1s x126k92a\">\n<div dir=\"auto\"><span class=\"html-span xexx8yu xyri2b x18d9i69 x1c1uobl x1hl2dhg x16tdsg8 x1vvkbs x3nfvp2 x1j61x8r x1fcty0u xdj266r xat24cr xm2jcoa x1mpyi22 xxymvpz xlup9mm x1kky2od\"><img decoding=\"async\" class=\"xz74otr x15mokao x1ga7v0g x16uus16 xbiv7yw\" src=\"https:\/\/static.xx.fbcdn.net\/images\/emoji.php\/v9\/td8\/1\/16\/1f4f2.png\" alt=\"\ud83d\udcf2\" width=\"16\" height=\"16\" \/><\/span>Entradas disponibles en: <span class=\"html-span xdj266r x14z9mp xat24cr x1lziwak xexx8yu xyri2b x18d9i69 x1c1uobl x1hl2dhg x16tdsg8 x1vvkbs\"><a class=\"x1i10hfl xjbqb8w x1ejq31n x18oe1m7 x1sy0etr xstzfhl x972fbf x10w94by x1qhh985 x14e42zd x9f619 x1ypdohk xt0psk2 x3ct3a4 xdj266r x14z9mp xat24cr x1lziwak xexx8yu xyri2b x18d9i69 x1c1uobl x16tdsg8 x1hl2dhg xggy1nq x1a2a7pz xkrqix3 x1sur9pj x1fey0fg x1s688f\" role=\"link\" href=\"https:\/\/l.facebook.com\/l.php?u=http%3A%2F%2Fwww.mediocudeyo.es%2F%3Ffbclid%3DIwZXh0bgNhZW0CMTAAYnJpZBExbWhjMzl0amtPUUFFcXFwTHNydGMGYXBwX2lkEDIyMjAzOTE3ODgyMDA4OTIAAR7cIo1lzesBO0dZAOA7ynFOLOS8frxgsWFzFyGd7hAaioyekqE4mp6WA2CpRA_aem_d3y5A8EfWM-DnA95BfEGkg&amp;h=AT4tmparuzW_tMuzc8EWlBjpEQSjpb9aGmho4p023SuS0J93Tf9p46CwVGF67snZS9zDY6w0nF2zgnS_mA5uioyJmDcoYGtCe_RYCWiRBeOsDT2zsXfWWUOOy6eHP-vR4yI4ntCKgrdbqJ00&amp;__tn__=-UK-R&amp;c[0]=AT4jz0FQITyGqvSSAnu25U8L-KfR-QGx61TE0dO6KCixc-JWeC97o13wX_gg2gqFF3jYZwXdOTSdAzhQT8KWxFlx1wAj7DPe_OlIhx-B5viF_Qytzo6hBKT4b7fsW7ydxFlK2wEU8A5WPKEJUfmSb3bakS95yh8jaXGVLL-fyQe1-6cv2adzuqkomIwMSZsPKYSYQCs4FUx_mxGH2BHtE7DlhA\" target=\"_blank\" rel=\"nofollow noopener noreferrer\">www.mediocudeyo.es<\/a><\/span><\/div>\n<\/div>\n<div class=\"x14z9mp xat24cr x1lziwak x1vvkbs xtlvy1s x126k92a\">\n<div dir=\"auto\"><span class=\"html-span xexx8yu xyri2b x18d9i69 x1c1uobl x1hl2dhg x16tdsg8 x1vvkbs x3nfvp2 x1j61x8r x1fcty0u xdj266r xat24cr xm2jcoa x1mpyi22 xxymvpz xlup9mm x1kky2od\"><img decoding=\"async\" class=\"xz74otr x15mokao x1ga7v0g x16uus16 xbiv7yw\" src=\"https:\/\/static.xx.fbcdn.net\/images\/emoji.php\/v9\/t8e\/1\/16\/2139.png\" alt=\"\u2139\" width=\"16\" height=\"16\" \/><\/span> M\u00e1s informaci\u00f3n:<\/div>\n<div dir=\"auto\">Centro Cultural Ram\u00f3n Pelayo (Solares).<\/div>\n<div dir=\"auto\">942 52 26 85 (\u00f3 Whatsapp al mismo n\u00famero de tel\u00e9fono).<\/div>\n<div dir=\"auto\">centrocultural@mediocudeyo.es<\/div>\n<\/div>\n","protected":false},"excerpt":{"rendered":"<p>Actuaci\u00f3n de la Escuela Municipal de Teatro de Medio Cudeyo, dirigida por Fernando Rebanal, en conmemoraci\u00f3n al D\u00eda del libro. Una obra en homenaje a los escritores Garc\u00eda Lorca y [&hellip;]<\/p>\n","protected":false},"author":4,"featured_media":26311,"template":"","meta":{"_tribe_events_status":"","_tribe_events_status_reason":"","footnotes":""},"tags":[104,448,83],"tribe_events_cat":[],"class_list":["post-26310","tribe_events","type-tribe_events","status-publish","has-post-thumbnail","hentry","tag-centro-cultural","tag-dia-del-libro","tag-teatro"],"_links":{"self":[{"href":"https:\/\/mediocudeyo.es\/web\/wp-json\/wp\/v2\/tribe_events\/26310"}],"collection":[{"href":"https:\/\/mediocudeyo.es\/web\/wp-json\/wp\/v2\/tribe_events"}],"about":[{"href":"https:\/\/mediocudeyo.es\/web\/wp-json\/wp\/v2\/types\/tribe_events"}],"author":[{"embeddable":true,"href":"https:\/\/mediocudeyo.es\/web\/wp-json\/wp\/v2\/users\/4"}],"version-history":[{"count":1,"href":"https:\/\/mediocudeyo.es\/web\/wp-json\/wp\/v2\/tribe_events\/26310\/revisions"}],"predecessor-version":[{"id":26312,"href":"https:\/\/mediocudeyo.es\/web\/wp-json\/wp\/v2\/tribe_events\/26310\/revisions\/26312"}],"wp:featuredmedia":[{"embeddable":true,"href":"https:\/\/mediocudeyo.es\/web\/wp-json\/wp\/v2\/media\/26311"}],"wp:attachment":[{"href":"https:\/\/mediocudeyo.es\/web\/wp-json\/wp\/v2\/media?parent=26310"}],"wp:term":[{"taxonomy":"post_tag","embeddable":true,"href":"https:\/\/mediocudeyo.es\/web\/wp-json\/wp\/v2\/tags?post=26310"},{"taxonomy":"tribe_events_cat","embeddable":true,"href":"https:\/\/mediocudeyo.es\/web\/wp-json\/wp\/v2\/tribe_events_cat?post=26310"}],"curies":[{"name":"wp","href":"https:\/\/api.w.org\/{rel}","templated":true}]}}

TEATRO: HOMENAJE A GARCÍA LORCA Y MUÑOZ SECA

<p>Actuación de la Escuela Municipal de Teatro de Medio Cudeyo, dirigida por Fernando Rebanal, en conmemoración al Día del libro.</p>
<p>Una obra en homenaje a los escritores García Lorca y Muñoz Seca</p>
<p>Sábado 25 de abril. Entrada: 1€.</p>
<div class="x14z9mp xat24cr x1lziwak x1vvkbs xtlvy1s x126k92a">
<div dir="auto"><span class="html-span xexx8yu xyri2b x18d9i69 x1c1uobl x1hl2dhg x16tdsg8 x1vvkbs x3nfvp2 x1j61x8r x1fcty0u xdj266r xat24cr xm2jcoa x1mpyi22 xxymvpz xlup9mm x1kky2od"><img decoding="async" class="xz74otr x15mokao x1ga7v0g x16uus16 xbiv7yw" src="https://static.xx.fbcdn.net/images/emoji.php/v9/td8/1/16/1f4f2.png" alt="📲" width="16" height="16" /></span>Entradas disponibles en: <span class="html-span xdj266r x14z9mp xat24cr x1lziwak xexx8yu xyri2b x18d9i69 x1c1uobl x1hl2dhg x16tdsg8 x1vvkbs"><a class="x1i10hfl xjbqb8w x1ejq31n x18oe1m7 x1sy0etr xstzfhl x972fbf x10w94by x1qhh985 x14e42zd x9f619 x1ypdohk xt0psk2 x3ct3a4 xdj266r x14z9mp xat24cr x1lziwak xexx8yu xyri2b x18d9i69 x1c1uobl x16tdsg8 x1hl2dhg xggy1nq x1a2a7pz xkrqix3 x1sur9pj x1fey0fg x1s688f" role="link" href="https://l.facebook.com/l.php?u=http%3A%2F%2Fwww.mediocudeyo.es%2F%3Ffbclid%3DIwZXh0bgNhZW0CMTAAYnJpZBExbWhjMzl0amtPUUFFcXFwTHNydGMGYXBwX2lkEDIyMjAzOTE3ODgyMDA4OTIAAR7cIo1lzesBO0dZAOA7ynFOLOS8frxgsWFzFyGd7hAaioyekqE4mp6WA2CpRA_aem_d3y5A8EfWM-DnA95BfEGkg&amp;h=AT4tmparuzW_tMuzc8EWlBjpEQSjpb9aGmho4p023SuS0J93Tf9p46CwVGF67snZS9zDY6w0nF2zgnS_mA5uioyJmDcoYGtCe_RYCWiRBeOsDT2zsXfWWUOOy6eHP-vR4yI4ntCKgrdbqJ00&amp;__tn__=-UK-R&amp;c[0]=AT4jz0FQITyGqvSSAnu25U8L-KfR-QGx61TE0dO6KCixc-JWeC97o13wX_gg2gqFF3jYZwXdOTSdAzhQT8KWxFlx1wAj7DPe_OlIhx-B5viF_Qytzo6hBKT4b7fsW7ydxFlK2wEU8A5WPKEJUfmSb3bakS95yh8jaXGVLL-fyQe1-6cv2adzuqkomIwMSZsPKYSYQCs4FUx_mxGH2BHtE7DlhA" target="_blank" rel="nofollow noopener noreferrer">www.mediocudeyo.es</a></span></div>
</div>
<div class="x14z9mp xat24cr x1lziwak x1vvkbs xtlvy1s x126k92a">
<div dir="auto"><span class="html-span xexx8yu xyri2b x18d9i69 x1c1uobl x1hl2dhg x16tdsg8 x1vvkbs x3nfvp2 x1j61x8r x1fcty0u xdj266r xat24cr xm2jcoa x1mpyi22 xxymvpz xlup9mm x1kky2od"><img decoding="async" class="xz74otr x15mokao x1ga7v0g x16uus16 xbiv7yw" src="https://static.xx.fbcdn.net/images/emoji.php/v9/t8e/1/16/2139.png" alt="ℹ" width="16" height="16" /></span> Más información:</div>
<div dir="auto">Centro Cultural Ramón Pelayo (Solares).</div>
<div dir="auto">942 52 26 85 (ó Whatsapp al mismo número de teléfono).</div>
<div dir="auto">centrocultural@mediocudeyo.es</div>
</div>

<p>Actuación de la Escuela Municipal de Teatro de Medio Cudeyo, dirigida por Fernando Rebanal, en conmemoración al Día del libro. Una obra en homenaje a los escritores García Lorca y [&hellip;]</p>
