{"id":26338,"date":"2026-04-24T08:43:33","date_gmt":"2026-04-24T06:43:33","guid":{"rendered":"https:\/\/mediocudeyo.es\/web\/?post_type=tribe_events&#038;p=26338"},"modified":"2026-04-24T09:22:32","modified_gmt":"2026-04-24T07:22:32","slug":"exposicion-antigua-vida-lactea-2","status":"publish","type":"tribe_events","link":"https:\/\/mediocudeyo.es\/web\/evento\/exposicion-antigua-vida-lactea-2\/","title":{"rendered":"EXPOSICI\u00d3N: \u00abANTIGUA VIDA L\u00c1CTEA\u00bb"},"content":{"rendered":"<h4>\u00abAntigua vida l\u00e1ctea\u00bb, de Mar\u00eda Jes\u00fas Garc\u00eda Crespo<\/h4>\n<p>Del 23 de abril al 23 de mayo.<\/p>\n<pre>Horario:\r\n\r\nLunes a viernes, 9:00\/20:30h.\r\n\r\nS\u00e1bados,\u00a0 9:00\/14:00h.<\/pre>\n","protected":false},"excerpt":{"rendered":"<p>\u00abAntigua vida l\u00e1ctea\u00bb, de Mar\u00eda Jes\u00fas Garc\u00eda Crespo Del 23 de abril al 23 de mayo. Horario: Lunes a viernes, 9:00\/20:30h. S\u00e1bados,\u00a0 9:00\/14:00h.<\/p>\n","protected":false},"author":4,"featured_media":26334,"template":"","meta":{"_tribe_events_status":"","_tribe_events_status_reason":"","footnotes":""},"tags":[58,238,87],"tribe_events_cat":[],"class_list":["post-26338","tribe_events","type-tribe_events","status-publish","has-post-thumbnail","hentry","tag-centro-cultural-ramon-pelayo","tag-cultura","tag-exposicion"],"_links":{"self":[{"href":"https:\/\/mediocudeyo.es\/web\/wp-json\/wp\/v2\/tribe_events\/26338"}],"collection":[{"href":"https:\/\/mediocudeyo.es\/web\/wp-json\/wp\/v2\/tribe_events"}],"about":[{"href":"https:\/\/mediocudeyo.es\/web\/wp-json\/wp\/v2\/types\/tribe_events"}],"author":[{"embeddable":true,"href":"https:\/\/mediocudeyo.es\/web\/wp-json\/wp\/v2\/users\/4"}],"version-history":[{"count":2,"href":"https:\/\/mediocudeyo.es\/web\/wp-json\/wp\/v2\/tribe_events\/26338\/revisions"}],"predecessor-version":[{"id":26340,"href":"https:\/\/mediocudeyo.es\/web\/wp-json\/wp\/v2\/tribe_events\/26338\/revisions\/26340"}],"wp:featuredmedia":[{"embeddable":true,"href":"https:\/\/mediocudeyo.es\/web\/wp-json\/wp\/v2\/media\/26334"}],"wp:attachment":[{"href":"https:\/\/mediocudeyo.es\/web\/wp-json\/wp\/v2\/media?parent=26338"}],"wp:term":[{"taxonomy":"post_tag","embeddable":true,"href":"https:\/\/mediocudeyo.es\/web\/wp-json\/wp\/v2\/tags?post=26338"},{"taxonomy":"tribe_events_cat","embeddable":true,"href":"https:\/\/mediocudeyo.es\/web\/wp-json\/wp\/v2\/tribe_events_cat?post=26338"}],"curies":[{"name":"wp","href":"https:\/\/api.w.org\/{rel}","templated":true}]}}

EXPOSICIÓN: «ANTIGUA VIDA LÁCTEA»

<h4>«Antigua vida láctea», de María Jesús García Crespo</h4>
<p>Del 23 de abril al 23 de mayo.</p>
<pre>Horario:

Lunes a viernes, 9:00/20:30h.

Sábados,  9:00/14:00h.</pre>

<p>«Antigua vida láctea», de María Jesús García Crespo Del 23 de abril al 23 de mayo. Horario: Lunes a viernes, 9:00/20:30h. Sábados,  9:00/14:00h.</p>
