{"id":27002,"date":"2026-08-21T12:21:13","date_gmt":"2026-08-21T10:21:13","guid":{"rendered":"https:\/\/mediocudeyo.es\/web\/?post_type=tribe_events&#038;p=27002"},"modified":"2026-08-21T13:09:55","modified_gmt":"2026-08-21T11:09:55","slug":"septiembre-musical-the-gypsys","status":"publish","type":"tribe_events","link":"https:\/\/mediocudeyo.es\/web\/evento\/septiembre-musical-the-gypsys\/","title":{"rendered":"SEPTIEMBRE MUSICAL: \u00abTHE GYPSYS\u00bb"},"content":{"rendered":"<p><strong>THE GYPSYS<\/strong><\/p>\n<p>Este espect\u00e1culo es un recorrido por c\u00e9lebres rumbas de diferentes<br \/>\nautores como un homenaje al g\u00e9nero<br \/>\nLa Rumba flamenca es la fusi\u00f3n entre la Rumba originaria de Cuba y el<br \/>\nflamenco de nuestro pa\u00eds.<br \/>\nEs un g\u00e9nero muy alegre y movido con un gran seguimiento en Espa\u00f1a.<br \/>\nEl espect\u00e1culo realiza un recorrido por grandes temas del g\u00e9nero de autores<br \/>\ncomo Alejandro Sanz, Sabina, Kiko Veneno, El ultimo de la Fila, Antonio<br \/>\nCarmona, Ni\u00f1a Pastori, Jos\u00e9 el Franc\u00e9s, Ketama,\u2026<\/p>\n<p>PARQUE EL FERIAL, S\u00c1BADO 12 DE SEPTIEMBRE &#8211; 19:30H.<\/p>\n<p>EXTERIOR DEL CENTRO CULTURAL RAM\u00d3N PELAYO<\/p>\n<p>ENTRADA LIBRE HASTA COMPLETAR AFORO<\/p>\n","protected":false},"excerpt":{"rendered":"<p>THE GYPSYS Este espect\u00e1culo es un recorrido por c\u00e9lebres rumbas de diferentes autores como un homenaje al g\u00e9nero La Rumba flamenca es la fusi\u00f3n entre la Rumba originaria de Cuba [&hellip;]<\/p>\n","protected":false},"author":4,"featured_media":27003,"template":"","meta":{"_tribe_events_status":"","_tribe_events_status_reason":"","footnotes":""},"tags":[58,238,160],"tribe_events_cat":[],"class_list":["post-27002","tribe_events","type-tribe_events","status-publish","has-post-thumbnail","hentry","tag-centro-cultural-ramon-pelayo","tag-cultura","tag-musica"],"_links":{"self":[{"href":"https:\/\/mediocudeyo.es\/web\/wp-json\/wp\/v2\/tribe_events\/27002"}],"collection":[{"href":"https:\/\/mediocudeyo.es\/web\/wp-json\/wp\/v2\/tribe_events"}],"about":[{"href":"https:\/\/mediocudeyo.es\/web\/wp-json\/wp\/v2\/types\/tribe_events"}],"author":[{"embeddable":true,"href":"https:\/\/mediocudeyo.es\/web\/wp-json\/wp\/v2\/users\/4"}],"version-history":[{"count":4,"href":"https:\/\/mediocudeyo.es\/web\/wp-json\/wp\/v2\/tribe_events\/27002\/revisions"}],"predecessor-version":[{"id":27013,"href":"https:\/\/mediocudeyo.es\/web\/wp-json\/wp\/v2\/tribe_events\/27002\/revisions\/27013"}],"wp:featuredmedia":[{"embeddable":true,"href":"https:\/\/mediocudeyo.es\/web\/wp-json\/wp\/v2\/media\/27003"}],"wp:attachment":[{"href":"https:\/\/mediocudeyo.es\/web\/wp-json\/wp\/v2\/media?parent=27002"}],"wp:term":[{"taxonomy":"post_tag","embeddable":true,"href":"https:\/\/mediocudeyo.es\/web\/wp-json\/wp\/v2\/tags?post=27002"},{"taxonomy":"tribe_events_cat","embeddable":true,"href":"https:\/\/mediocudeyo.es\/web\/wp-json\/wp\/v2\/tribe_events_cat?post=27002"}],"curies":[{"name":"wp","href":"https:\/\/api.w.org\/{rel}","templated":true}]}}

<p><strong>THE GYPSYS</strong></p>
<p>Este espectáculo es un recorrido por célebres rumbas de diferentes<br />
autores como un homenaje al género<br />
La Rumba flamenca es la fusión entre la Rumba originaria de Cuba y el<br />
flamenco de nuestro país.<br />
Es un género muy alegre y movido con un gran seguimiento en España.<br />
El espectáculo realiza un recorrido por grandes temas del género de autores<br />
como Alejandro Sanz, Sabina, Kiko Veneno, El ultimo de la Fila, Antonio<br />
Carmona, Niña Pastori, José el Francés, Ketama,…</p>
<p>PARQUE EL FERIAL, SÁBADO 12 DE SEPTIEMBRE &#8211; 19:30H.</p>
<p>EXTERIOR DEL CENTRO CULTURAL RAMÓN PELAYO</p>
<p>ENTRADA LIBRE HASTA COMPLETAR AFORO</p>

<p>THE GYPSYS Este espectáculo es un recorrido por célebres rumbas de diferentes autores como un homenaje al género La Rumba flamenca es la fusión entre la Rumba originaria de Cuba [&hellip;]</p>
