{"id":27007,"date":"2026-08-21T12:29:32","date_gmt":"2026-08-21T10:29:32","guid":{"rendered":"https:\/\/mediocudeyo.es\/web\/?post_type=tribe_events&#038;p=27007"},"modified":"2026-08-21T13:00:52","modified_gmt":"2026-08-21T11:00:52","slug":"encuentro-con-autora-ordago-con-rocio-a-gomez-sustacha","status":"publish","type":"tribe_events","link":"https:\/\/mediocudeyo.es\/web\/evento\/encuentro-con-autora-ordago-con-rocio-a-gomez-sustacha\/","title":{"rendered":"ENCUENTRO CON AUTORA: \u00ab\u00d3RDAGO\u00bb, CON ROC\u00cdO A. G\u00d3MEZ SUSTACHA"},"content":{"rendered":"<p>Roc\u00edo A. G\u00f3mez Sustacha (Santander, 1986) es licenciada en Periodismo y en Publicidad y Relaciones P\u00fablicas con M\u00e1ster en Periodismo Cultural. Trabaja en comunicaci\u00f3n, dentro del \u00e1rea de ecommerce, y vuelca sus intereses culturales en la revista digital que fund\u00f3 en 2014, Nokton Magazine.<\/p>\n<p>Su \u00faltima novela publicada es &#8216;\u00d3rdago: las Gamers del Cinquillo&#8217;, que se lanz\u00f3 con SUMA (Penguin Random House) en enero de 2026. Es una historia de humor y aventuras en la que cuatro jubiladas pierden un boleto de euromill\u00f3n premiado y se ven abocadas a abandonar sus rutinas de reposter\u00eda, su telenovela y sus partidas para urdir un plan y pensar en posibles culpables. Enseguida acabar\u00e1n envueltas en una vor\u00e1gine de situaciones inesperadas\u2026, rocambolescas\u2026, desternillantes.<\/p>\n<p>Anteriormente ha autopublicado &#8216;Los casos de la Detective Karma&#8217; y &#8216;Enigma en la \u00faltima p\u00e1gina&#8217;. Dos novelas de misterio con una detective novata como protagonista que se ve envuelta en diferentes investigaciones.<\/p>\n<p>Para consultar un CV m\u00e1s completo respecto a formaci\u00f3n y experiencia profesional, pod\u00e9is acceder a: <a href=\"https:\/\/www.linkedin.com\/in\/rociogomezsustacha\">https:\/\/www.linkedin.com\/in\/rociogomezsustacha<\/a><\/p>\n<p>&nbsp;<\/p>\n","protected":false},"excerpt":{"rendered":"<p>Roc\u00edo A. G\u00f3mez Sustacha (Santander, 1986) es licenciada en Periodismo y en Publicidad y Relaciones P\u00fablicas con M\u00e1ster en Periodismo Cultural. Trabaja en comunicaci\u00f3n, dentro del \u00e1rea de ecommerce, y [&hellip;]<\/p>\n","protected":false},"author":4,"featured_media":27008,"template":"","meta":{"_tribe_events_status":"","_tribe_events_status_reason":"","footnotes":""},"tags":[374,58,238,680],"tribe_events_cat":[],"class_list":["post-27007","tribe_events","type-tribe_events","status-publish","has-post-thumbnail","hentry","tag-biblioteca-municipal","tag-centro-cultural-ramon-pelayo","tag-cultura","tag-encuentros-literarios"],"_links":{"self":[{"href":"https:\/\/mediocudeyo.es\/web\/wp-json\/wp\/v2\/tribe_events\/27007"}],"collection":[{"href":"https:\/\/mediocudeyo.es\/web\/wp-json\/wp\/v2\/tribe_events"}],"about":[{"href":"https:\/\/mediocudeyo.es\/web\/wp-json\/wp\/v2\/types\/tribe_events"}],"author":[{"embeddable":true,"href":"https:\/\/mediocudeyo.es\/web\/wp-json\/wp\/v2\/users\/4"}],"version-history":[{"count":2,"href":"https:\/\/mediocudeyo.es\/web\/wp-json\/wp\/v2\/tribe_events\/27007\/revisions"}],"predecessor-version":[{"id":27010,"href":"https:\/\/mediocudeyo.es\/web\/wp-json\/wp\/v2\/tribe_events\/27007\/revisions\/27010"}],"wp:featuredmedia":[{"embeddable":true,"href":"https:\/\/mediocudeyo.es\/web\/wp-json\/wp\/v2\/media\/27008"}],"wp:attachment":[{"href":"https:\/\/mediocudeyo.es\/web\/wp-json\/wp\/v2\/media?parent=27007"}],"wp:term":[{"taxonomy":"post_tag","embeddable":true,"href":"https:\/\/mediocudeyo.es\/web\/wp-json\/wp\/v2\/tags?post=27007"},{"taxonomy":"tribe_events_cat","embeddable":true,"href":"https:\/\/mediocudeyo.es\/web\/wp-json\/wp\/v2\/tribe_events_cat?post=27007"}],"curies":[{"name":"wp","href":"https:\/\/api.w.org\/{rel}","templated":true}]}}

ENCUENTRO CON AUTORA: «ÓRDAGO», CON ROCÍO A. GÓMEZ SUSTACHA

<p>Rocío A. Gómez Sustacha (Santander, 1986) es licenciada en Periodismo y en Publicidad y Relaciones Públicas con Máster en Periodismo Cultural. Trabaja en comunicación, dentro del área de ecommerce, y vuelca sus intereses culturales en la revista digital que fundó en 2014, Nokton Magazine.</p>
<p>Su última novela publicada es &#8216;Órdago: las Gamers del Cinquillo&#8217;, que se lanzó con SUMA (Penguin Random House) en enero de 2026. Es una historia de humor y aventuras en la que cuatro jubiladas pierden un boleto de euromillón premiado y se ven abocadas a abandonar sus rutinas de repostería, su telenovela y sus partidas para urdir un plan y pensar en posibles culpables. Enseguida acabarán envueltas en una vorágine de situaciones inesperadas…, rocambolescas…, desternillantes.</p>
<p>Anteriormente ha autopublicado &#8216;Los casos de la Detective Karma&#8217; y &#8216;Enigma en la última página&#8217;. Dos novelas de misterio con una detective novata como protagonista que se ve envuelta en diferentes investigaciones.</p>
<p>Para consultar un CV más completo respecto a formación y experiencia profesional, podéis acceder a: <a href="https://www.linkedin.com/in/rociogomezsustacha">https://www.linkedin.com/in/rociogomezsustacha</a></p>
<p>&nbsp;</p>

<p>Rocío A. Gómez Sustacha (Santander, 1986) es licenciada en Periodismo y en Publicidad y Relaciones Públicas con Máster en Periodismo Cultural. Trabaja en comunicación, dentro del área de ecommerce, y [&hellip;]</p>
