{"id":27011,"date":"2026-08-21T13:08:22","date_gmt":"2026-08-21T11:08:22","guid":{"rendered":"https:\/\/mediocudeyo.es\/web\/?post_type=tribe_events&#038;p=27011"},"modified":"2026-08-21T13:09:16","modified_gmt":"2026-08-21T11:09:16","slug":"septiembre-musical-la-trompeta-de-mou","status":"publish","type":"tribe_events","link":"https:\/\/mediocudeyo.es\/web\/evento\/septiembre-musical-la-trompeta-de-mou\/","title":{"rendered":"SEPTIEMBRE MUSICAL: \u00abLA TROMPETA DE MOU\u00bb"},"content":{"rendered":"<p><strong>LA TROMPETA DE MOU<\/strong><\/p>\n<p>La Trompeta de Mou es un espect\u00e1culo musical en directo que combina concierto y experiencia esc\u00e9nica mediante la reinterpretaci\u00f3n de canciones conocidas y repertorio propio a trav\u00e9s de arreglos originales.<br \/>\nEl proyecto fusiona trompeta en directo como elemento protagonista, voz y performance esc\u00e9nica, bases electr\u00f3nicas y producci\u00f3n musical contempor\u00e1nea, as\u00ed como improvisaci\u00f3n e interacci\u00f3n con el p\u00fablico.<br \/>\nEl espect\u00e1culo genera una evoluci\u00f3n musical progresiva que parte de atm\u00f3sferas chill\u2011out downtempo hacia momentos m\u00e1s energ\u00e9ticos cercanos al house y electro\u2011pop.<br \/>\nEl grupo se ha consolidado actuando en diferentes espacios del Estado, desde entornos culturales hasta eventos corporativos y tur\u00edsticos, destacando su versatilidad esc\u00e9nica y capacidad de adaptaci\u00f3n.<\/p>\n<p>PARQUE EL FERIAL, S\u00c1BADO 19 DE SEPTIEMBRE &#8211; 19:30H.<\/p>\n<p>EXTERIOR DEL CENTRO CULTURAL RAM\u00d3N PELAYO<\/p>\n<p>ENTRADA LIBRE HASTA COMPLETAR AFORO<\/p>\n","protected":false},"excerpt":{"rendered":"<p>LA TROMPETA DE MOU La Trompeta de Mou es un espect\u00e1culo musical en directo que combina concierto y experiencia esc\u00e9nica mediante la reinterpretaci\u00f3n de canciones conocidas y repertorio propio a [&hellip;]<\/p>\n","protected":false},"author":4,"featured_media":27003,"template":"","meta":{"_tribe_events_status":"","_tribe_events_status_reason":"","footnotes":""},"tags":[58,238,160],"tribe_events_cat":[],"class_list":["post-27011","tribe_events","type-tribe_events","status-publish","has-post-thumbnail","hentry","tag-centro-cultural-ramon-pelayo","tag-cultura","tag-musica"],"_links":{"self":[{"href":"https:\/\/mediocudeyo.es\/web\/wp-json\/wp\/v2\/tribe_events\/27011"}],"collection":[{"href":"https:\/\/mediocudeyo.es\/web\/wp-json\/wp\/v2\/tribe_events"}],"about":[{"href":"https:\/\/mediocudeyo.es\/web\/wp-json\/wp\/v2\/types\/tribe_events"}],"author":[{"embeddable":true,"href":"https:\/\/mediocudeyo.es\/web\/wp-json\/wp\/v2\/users\/4"}],"version-history":[{"count":1,"href":"https:\/\/mediocudeyo.es\/web\/wp-json\/wp\/v2\/tribe_events\/27011\/revisions"}],"predecessor-version":[{"id":27012,"href":"https:\/\/mediocudeyo.es\/web\/wp-json\/wp\/v2\/tribe_events\/27011\/revisions\/27012"}],"wp:featuredmedia":[{"embeddable":true,"href":"https:\/\/mediocudeyo.es\/web\/wp-json\/wp\/v2\/media\/27003"}],"wp:attachment":[{"href":"https:\/\/mediocudeyo.es\/web\/wp-json\/wp\/v2\/media?parent=27011"}],"wp:term":[{"taxonomy":"post_tag","embeddable":true,"href":"https:\/\/mediocudeyo.es\/web\/wp-json\/wp\/v2\/tags?post=27011"},{"taxonomy":"tribe_events_cat","embeddable":true,"href":"https:\/\/mediocudeyo.es\/web\/wp-json\/wp\/v2\/tribe_events_cat?post=27011"}],"curies":[{"name":"wp","href":"https:\/\/api.w.org\/{rel}","templated":true}]}}

<p><strong>LA TROMPETA DE MOU</strong></p>
<p>La Trompeta de Mou es un espectáculo musical en directo que combina concierto y experiencia escénica mediante la reinterpretación de canciones conocidas y repertorio propio a través de arreglos originales.<br />
El proyecto fusiona trompeta en directo como elemento protagonista, voz y performance escénica, bases electrónicas y producción musical contemporánea, así como improvisación e interacción con el público.<br />
El espectáculo genera una evolución musical progresiva que parte de atmósferas chill‑out downtempo hacia momentos más energéticos cercanos al house y electro‑pop.<br />
El grupo se ha consolidado actuando en diferentes espacios del Estado, desde entornos culturales hasta eventos corporativos y turísticos, destacando su versatilidad escénica y capacidad de adaptación.</p>
<p>PARQUE EL FERIAL, SÁBADO 19 DE SEPTIEMBRE &#8211; 19:30H.</p>
<p>EXTERIOR DEL CENTRO CULTURAL RAMÓN PELAYO</p>
<p>ENTRADA LIBRE HASTA COMPLETAR AFORO</p>

<p>LA TROMPETA DE MOU La Trompeta de Mou es un espectáculo musical en directo que combina concierto y experiencia escénica mediante la reinterpretación de canciones conocidas y repertorio propio a [&hellip;]</p>
