{"id":27014,"date":"2026-08-21T13:15:54","date_gmt":"2026-08-21T11:15:54","guid":{"rendered":"https:\/\/mediocudeyo.es\/web\/?post_type=tribe_events&#038;p=27014"},"modified":"2026-08-21T13:17:33","modified_gmt":"2026-08-21T11:17:33","slug":"septiembre-musical-tanedor","status":"publish","type":"tribe_events","link":"https:\/\/mediocudeyo.es\/web\/evento\/septiembre-musical-tanedor\/","title":{"rendered":"SEPTIEMBRE MUSICAL: \u00abTA\u00d1EDOR\u00bb"},"content":{"rendered":"<p><strong>TA\u00d1EDOR<\/strong><\/p>\n<p>Ta\u00f1edor es una propuesta esc\u00e9nica que parte de la m\u00fasica tradicional de<br \/>\nCantabria y la traslada a un formato contempor\u00e1neo pensado para el<br \/>\ndirecto.<br \/>\nEl espect\u00e1culo se articula como un recorrido musical en el que jotas,<br \/>\ncantares y danzas de tradici\u00f3n oral se reinterpretan a trav\u00e9s del arreglo y<br \/>\nla improvisaci\u00f3n, generando un lenguaje propio que mantiene el v\u00ednculo<br \/>\ncon la ra\u00edz y, al mismo tiempo, se abre a nuevas formas de escucha.<br \/>\nLa formaci\u00f3n combina voces, panderetas, guitarra y vientos,<br \/>\nconstruyendo un sonido din\u00e1mico y cercano que permite una conexi\u00f3n<br \/>\ndirecta con el p\u00fablico. La propuesta incorpora adem\u00e1s elementos<br \/>\nr\u00edtmicos y de movimiento que refuerzan su car\u00e1cter esc\u00e9nico y la<br \/>\nconvierten en una experiencia viva m\u00e1s all\u00e1 del concierto convencional.<br \/>\nTa\u00f1edor plantea una forma de acercarse a la tradici\u00f3n desde el presente,<br \/>\nactivando el inter\u00e9s por este repertorio desde la emoci\u00f3n, el ritmo y la<br \/>\nenerg\u00eda del directo.<\/p>\n<p>PARQUE EL FERIAL, S\u00c1BADO 26 DE SEPTIEMBRE \u2013 19:30H.<\/p>\n<p>EXTERIOR DEL CENTRO CULTURAL RAM\u00d3N PELAYO<\/p>\n<p>ENTRADA LIBRE HASTA COMPLETAR AFORO<\/p>\n","protected":false},"excerpt":{"rendered":"<p>TA\u00d1EDOR Ta\u00f1edor es una propuesta esc\u00e9nica que parte de la m\u00fasica tradicional de Cantabria y la traslada a un formato contempor\u00e1neo pensado para el directo. El espect\u00e1culo se articula como [&hellip;]<\/p>\n","protected":false},"author":4,"featured_media":27003,"template":"","meta":{"_tribe_events_status":"","_tribe_events_status_reason":"","footnotes":""},"tags":[58,238,160],"tribe_events_cat":[],"class_list":["post-27014","tribe_events","type-tribe_events","status-publish","has-post-thumbnail","hentry","tag-centro-cultural-ramon-pelayo","tag-cultura","tag-musica"],"_links":{"self":[{"href":"https:\/\/mediocudeyo.es\/web\/wp-json\/wp\/v2\/tribe_events\/27014"}],"collection":[{"href":"https:\/\/mediocudeyo.es\/web\/wp-json\/wp\/v2\/tribe_events"}],"about":[{"href":"https:\/\/mediocudeyo.es\/web\/wp-json\/wp\/v2\/types\/tribe_events"}],"author":[{"embeddable":true,"href":"https:\/\/mediocudeyo.es\/web\/wp-json\/wp\/v2\/users\/4"}],"version-history":[{"count":3,"href":"https:\/\/mediocudeyo.es\/web\/wp-json\/wp\/v2\/tribe_events\/27014\/revisions"}],"predecessor-version":[{"id":27017,"href":"https:\/\/mediocudeyo.es\/web\/wp-json\/wp\/v2\/tribe_events\/27014\/revisions\/27017"}],"wp:featuredmedia":[{"embeddable":true,"href":"https:\/\/mediocudeyo.es\/web\/wp-json\/wp\/v2\/media\/27003"}],"wp:attachment":[{"href":"https:\/\/mediocudeyo.es\/web\/wp-json\/wp\/v2\/media?parent=27014"}],"wp:term":[{"taxonomy":"post_tag","embeddable":true,"href":"https:\/\/mediocudeyo.es\/web\/wp-json\/wp\/v2\/tags?post=27014"},{"taxonomy":"tribe_events_cat","embeddable":true,"href":"https:\/\/mediocudeyo.es\/web\/wp-json\/wp\/v2\/tribe_events_cat?post=27014"}],"curies":[{"name":"wp","href":"https:\/\/api.w.org\/{rel}","templated":true}]}}

SEPTIEMBRE MUSICAL: «TAÑEDOR»

<p><strong>TAÑEDOR</strong></p>
<p>Tañedor es una propuesta escénica que parte de la música tradicional de<br />
Cantabria y la traslada a un formato contemporáneo pensado para el<br />
directo.<br />
El espectáculo se articula como un recorrido musical en el que jotas,<br />
cantares y danzas de tradición oral se reinterpretan a través del arreglo y<br />
la improvisación, generando un lenguaje propio que mantiene el vínculo<br />
con la raíz y, al mismo tiempo, se abre a nuevas formas de escucha.<br />
La formación combina voces, panderetas, guitarra y vientos,<br />
construyendo un sonido dinámico y cercano que permite una conexión<br />
directa con el público. La propuesta incorpora además elementos<br />
rítmicos y de movimiento que refuerzan su carácter escénico y la<br />
convierten en una experiencia viva más allá del concierto convencional.<br />
Tañedor plantea una forma de acercarse a la tradición desde el presente,<br />
activando el interés por este repertorio desde la emoción, el ritmo y la<br />
energía del directo.</p>
<p>PARQUE EL FERIAL, SÁBADO 26 DE SEPTIEMBRE – 19:30H.</p>
<p>EXTERIOR DEL CENTRO CULTURAL RAMÓN PELAYO</p>
<p>ENTRADA LIBRE HASTA COMPLETAR AFORO</p>

<p>TAÑEDOR Tañedor es una propuesta escénica que parte de la música tradicional de Cantabria y la traslada a un formato contemporáneo pensado para el directo. El espectáculo se articula como [&hellip;]</p>
