{"id":27036,"date":"2026-08-24T14:02:14","date_gmt":"2026-08-24T12:02:14","guid":{"rendered":"https:\/\/mediocudeyo.es\/web\/?post_type=tribe_events&#038;p=27036"},"modified":"2026-08-24T14:02:14","modified_gmt":"2026-08-24T12:02:14","slug":"club-de-lectura-infantil","status":"publish","type":"tribe_events","link":"https:\/\/mediocudeyo.es\/web\/evento\/club-de-lectura-infantil\/","title":{"rendered":"CLUB DE LECTURA INFANTIL"},"content":{"rendered":"<p>INFANTIL (3 A 5 A\u00d1OS): 17:30H.<\/p>\n<p>PRIMARIA (6 A 12 A\u00d1OS): 18:30H.<\/p>\n<p>INSCRIPCI\u00d3N PREVIA: biblioteca@mediocudeyo.es 942523905 tel. y whatsapp<\/p>\n","protected":false},"excerpt":{"rendered":"<p>INFANTIL (3 A 5 A\u00d1OS): 17:30H. PRIMARIA (6 A 12 A\u00d1OS): 18:30H. INSCRIPCI\u00d3N PREVIA: biblioteca@mediocudeyo.es 942523905 tel. y whatsapp<\/p>\n","protected":false},"author":4,"featured_media":27037,"template":"","meta":{"_tribe_events_status":"","_tribe_events_status_reason":"","footnotes":""},"tags":[374,58,587,238,64,453],"tribe_events_cat":[],"class_list":["post-27036","tribe_events","type-tribe_events","status-publish","has-post-thumbnail","hentry","tag-biblioteca-municipal","tag-centro-cultural-ramon-pelayo","tag-club-de-lectura","tag-cultura","tag-infantil","tag-primaria"],"_links":{"self":[{"href":"https:\/\/mediocudeyo.es\/web\/wp-json\/wp\/v2\/tribe_events\/27036"}],"collection":[{"href":"https:\/\/mediocudeyo.es\/web\/wp-json\/wp\/v2\/tribe_events"}],"about":[{"href":"https:\/\/mediocudeyo.es\/web\/wp-json\/wp\/v2\/types\/tribe_events"}],"author":[{"embeddable":true,"href":"https:\/\/mediocudeyo.es\/web\/wp-json\/wp\/v2\/users\/4"}],"version-history":[{"count":1,"href":"https:\/\/mediocudeyo.es\/web\/wp-json\/wp\/v2\/tribe_events\/27036\/revisions"}],"predecessor-version":[{"id":27038,"href":"https:\/\/mediocudeyo.es\/web\/wp-json\/wp\/v2\/tribe_events\/27036\/revisions\/27038"}],"wp:featuredmedia":[{"embeddable":true,"href":"https:\/\/mediocudeyo.es\/web\/wp-json\/wp\/v2\/media\/27037"}],"wp:attachment":[{"href":"https:\/\/mediocudeyo.es\/web\/wp-json\/wp\/v2\/media?parent=27036"}],"wp:term":[{"taxonomy":"post_tag","embeddable":true,"href":"https:\/\/mediocudeyo.es\/web\/wp-json\/wp\/v2\/tags?post=27036"},{"taxonomy":"tribe_events_cat","embeddable":true,"href":"https:\/\/mediocudeyo.es\/web\/wp-json\/wp\/v2\/tribe_events_cat?post=27036"}],"curies":[{"name":"wp","href":"https:\/\/api.w.org\/{rel}","templated":true}]}}

<p>INFANTIL (3 A 5 AÑOS): 17:30H.</p>
<p>PRIMARIA (6 A 12 AÑOS): 18:30H.</p>
<p>INSCRIPCIÓN PREVIA: biblioteca@mediocudeyo.es 942523905 tel. y whatsapp</p>

<p>INFANTIL (3 A 5 AÑOS): 17:30H. PRIMARIA (6 A 12 AÑOS): 18:30H. INSCRIPCIÓN PREVIA: biblioteca@mediocudeyo.es 942523905 tel. y whatsapp</p>
